Last updated on 2023-12-11 01:52:46 CET.
Flavor | Version | Tinstall | Tcheck | Ttotal | Status | Flags |
---|---|---|---|---|---|---|
r-devel-linux-x86_64-debian-clang | 0.1.0 | 8.68 | 178.31 | 186.99 | OK | |
r-devel-linux-x86_64-debian-gcc | 0.1.0 | 6.68 | 177.39 | 184.07 | OK | |
r-devel-linux-x86_64-fedora-clang | 0.1.0 | 316.05 | NOTE | |||
r-devel-linux-x86_64-fedora-gcc | 0.1.0 | 312.13 | NOTE | |||
r-devel-windows-x86_64 | 0.1.0 | 10.00 | 190.00 | 200.00 | OK | |
r-patched-linux-x86_64 | 0.1.0 | 13.90 | 168.55 | 182.45 | OK | |
r-release-linux-x86_64 | 0.1.0 | 6.81 | 236.27 | 243.08 | OK | |
r-release-macos-arm64 | 0.1.0 | 100.00 | OK | |||
r-release-macos-x86_64 | 0.1.0 | 163.00 | OK | |||
r-release-windows-x86_64 | 0.1.0 | 12.00 | 181.00 | 193.00 | OK | |
r-oldrel-macos-arm64 | 0.1.0 | 56.00 | NOTE | |||
r-oldrel-macos-x86_64 | 0.1.0 | 106.00 | NOTE | |||
r-oldrel-windows-x86_64 | 0.1.0 | 13.00 | 186.00 | 199.00 | OK |
Version: 0.1.0
Check: dependencies in R code
Result: NOTE
Namespace in Imports field not imported from: ‘data.table’
All declared Imports should be used.
Flavors: r-devel-linux-x86_64-fedora-clang, r-devel-linux-x86_64-fedora-gcc, r-oldrel-macos-arm64, r-oldrel-macos-x86_64