Last updated on 2024-08-16 00:48:29 CEST.
Flavor | Version | Tinstall | Tcheck | Ttotal | Status | Flags |
---|---|---|---|---|---|---|
r-devel-linux-x86_64-debian-clang | 1.1.1 | 35.48 | 263.79 | 299.27 | NOTE | |
r-devel-linux-x86_64-debian-gcc | 1.1.1 | 24.63 | 168.70 | 193.33 | NOTE | |
r-devel-linux-x86_64-fedora-clang | 1.1.1 | 495.72 | NOTE | |||
r-devel-linux-x86_64-fedora-gcc | 1.1.1 | 474.98 | OK | |||
r-devel-windows-x86_64 | 1.1.1 | 36.00 | 246.00 | 282.00 | NOTE | |
r-patched-linux-x86_64 | 1.1.1 | 45.53 | 244.21 | 289.74 | OK | |
r-release-linux-x86_64 | 1.1.1 | 31.87 | 248.31 | 280.18 | OK | |
r-release-macos-arm64 | 1.1.1 | 174.00 | NOTE | |||
r-release-macos-x86_64 | 1.1.1 | 239.00 | NOTE | |||
r-release-windows-x86_64 | 1.1.1 | 39.00 | 249.00 | 288.00 | NOTE | |
r-oldrel-macos-arm64 | 1.1.1 | 134.00 | NOTE | |||
r-oldrel-macos-x86_64 | 1.1.1 | 194.00 | NOTE | |||
r-oldrel-windows-x86_64 | 1.1.1 | 50.00 | 325.00 | 375.00 | NOTE |
Version: 1.1.1
Check: Rd cross-references
Result: NOTE
Found the following Rd file(s) with Rd \link{} targets missing package
anchors:
fl.drFitModel.Rd: nlsLM
Please provide package anchors for all Rd \link{} targets not in the
package itself and the base packages.
Flavors: r-devel-linux-x86_64-debian-clang, r-devel-linux-x86_64-debian-gcc, r-devel-windows-x86_64
Version: 1.1.1
Check: installed package size
Result: NOTE
installed size is 5.3Mb
sub-directories of 1Mb or more:
doc 2.1Mb
shiny_app 1.2Mb
Flavors: r-devel-linux-x86_64-fedora-clang, r-devel-windows-x86_64, r-release-macos-arm64, r-release-macos-x86_64, r-release-windows-x86_64, r-oldrel-macos-arm64, r-oldrel-macos-x86_64, r-oldrel-windows-x86_64