CRAN Package Check Results for Package RCMinification

Last updated on 2024-04-17 00:54:30 CEST.

Flavor Version Tinstall Tcheck Ttotal Status Flags
r-devel-linux-x86_64-debian-clang 1.2 1.95 26.71 28.66 NOTE
r-devel-linux-x86_64-debian-gcc 1.2 2.08 20.12 22.20 NOTE
r-devel-linux-x86_64-fedora-clang 1.2 36.40 NOTE
r-devel-linux-x86_64-fedora-gcc 1.2 34.38 NOTE
r-prerel-macos-arm64 1.2 14.00 NOTE
r-prerel-windows-x86_64 1.2 3.00 43.00 46.00 NOTE
r-patched-linux-x86_64 1.2 2.77 25.52 28.29 NOTE
r-release-linux-x86_64 1.2 2.72 25.85 28.57 OK
r-release-macos-arm64 1.2 16.00 OK
r-release-macos-x86_64 1.2 21.00 OK
r-release-windows-x86_64 1.2 3.00 45.00 48.00 OK
r-oldrel-macos-arm64 1.2 16.00 OK
r-oldrel-windows-x86_64 1.2 4.00 48.00 52.00 OK

Check Details

Version: 1.2
Check: Rd files
Result: NOTE checkRd: (-1) nonlinearAR1.sim.Rd:8: Lost braces; missing escapes or markup? 8 | of the form z_n = g(z_{n-1}) + epsilon. A normal distribution is assumed for the innovations. | ^ Flavors: r-devel-linux-x86_64-debian-clang, r-devel-linux-x86_64-debian-gcc, r-devel-linux-x86_64-fedora-clang, r-devel-linux-x86_64-fedora-gcc, r-prerel-macos-arm64, r-prerel-windows-x86_64, r-patched-linux-x86_64