CRAN Package Check Results for Package RFOC

Last updated on 2024-03-02 12:48:28 CET.

Flavor Version Tinstall Tcheck Ttotal Status Flags
r-devel-linux-x86_64-debian-clang 3.4-10 15.82 138.92 154.74 NOTE
r-devel-linux-x86_64-debian-gcc 3.4-10 14.58 103.41 117.99 NOTE
r-devel-linux-x86_64-fedora-clang 3.4-10 195.91 NOTE
r-devel-linux-x86_64-fedora-gcc 3.4-10 195.66 NOTE
r-devel-windows-x86_64 3.4-10 16.00 135.00 151.00 OK
r-patched-linux-x86_64 3.4-10 19.52 133.12 152.64 OK
r-release-linux-x86_64 3.4-10 15.94 133.62 149.56 OK
r-release-macos-arm64 3.4-10 55.00 OK
r-release-macos-x86_64 3.4-10 103.00 OK
r-release-windows-x86_64 3.4-10 21.00 168.00 189.00 OK
r-oldrel-macos-arm64 3.4-10 56.00 OK
r-oldrel-windows-x86_64 3.4-10 21.00 155.00 176.00 OK

Check Details

Version: 3.4-10
Check: Rd files
Result: NOTE checkRd: (-1) PKAM.Rd:19: Lost braces 19 | item{Paz}{P-axis azimuth angle} | ^ checkRd: (-1) PKAM.Rd:19: Lost braces 19 | item{Paz}{P-axis azimuth angle} | ^ checkRd: (-1) PKAM.Rd:20: Lost braces 20 | item{Pdip}{P-axis dip angle} | ^ checkRd: (-1) PKAM.Rd:20: Lost braces 20 | item{Pdip}{P-axis dip angle} | ^ checkRd: (-1) PKAM.Rd:21: Lost braces 21 | item{Taz}{T-axis azimuth angle} | ^ checkRd: (-1) PKAM.Rd:21: Lost braces 21 | item{Taz}{T-axis azimuth angle} | ^ checkRd: (-1) PKAM.Rd:22: Lost braces 22 | item{Tdip}{T-axis dip angle} | ^ checkRd: (-1) PKAM.Rd:22: Lost braces 22 | item{Tdip}{T-axis dip angle} | ^ checkRd: (-1) PKAM.Rd:23: Lost braces 23 | item{h}{horizontal point to plot on ternary plot } | ^ checkRd: (-1) PKAM.Rd:23: Lost braces 23 | item{h}{horizontal point to plot on ternary plot } | ^ checkRd: (-1) PKAM.Rd:24: Lost braces 24 | item{v}{vertical point to plot on ternary plot } | ^ checkRd: (-1) PKAM.Rd:24: Lost braces 24 | item{v}{vertical point to plot on ternary plot } | ^ checkRd: (-1) PKAM.Rd:25: Lost braces 25 | item{fcols}{colors, not used} | ^ checkRd: (-1) PKAM.Rd:25: Lost braces 25 | item{fcols}{colors, not used} | ^ checkRd: (-1) PKAM.Rd:26: Lost braces 26 | item{LATS}{Latitude} | ^ checkRd: (-1) PKAM.Rd:26: Lost braces 26 | item{LATS}{Latitude} | ^ checkRd: (-1) PKAM.Rd:27: Lost braces 27 | item{LONS}{Longitude} | ^ checkRd: (-1) PKAM.Rd:27: Lost braces 27 | item{LONS}{Longitude} | ^ checkRd: (-1) PKAM.Rd:28: Lost braces 28 | item{IFcol}{integer pointer to internal color} | ^ checkRd: (-1) PKAM.Rd:28: Lost braces 28 | item{IFcol}{integer pointer to internal color} | ^ checkRd: (-1) PKAM.Rd:29: Lost braces 29 | item{yr}{year, not used} | ^ checkRd: (-1) PKAM.Rd:29: Lost braces 29 | item{yr}{year, not used} | ^ checkRd: (-1) PKAM.Rd:30: Lost braces 30 | item{JDHM}{Julian Day, hour, minute, not used} | ^ checkRd: (-1) PKAM.Rd:30: Lost braces 30 | item{JDHM}{Julian Day, hour, minute, not used} | ^ checkRd: (-1) PKAM.Rd:31: Lost braces 31 | item{JDHMS}{Julian Day, hour, minute, seconds} | ^ checkRd: (-1) PKAM.Rd:31: Lost braces 31 | item{JDHMS}{Julian Day, hour, minute, seconds} | ^ Flavors: r-devel-linux-x86_64-debian-clang, r-devel-linux-x86_64-debian-gcc, r-devel-linux-x86_64-fedora-clang, r-devel-linux-x86_64-fedora-gcc