Last updated on 2024-08-16 00:48:30 CEST.
Flavor | Version | Tinstall | Tcheck | Ttotal | Status | Flags |
---|---|---|---|---|---|---|
r-devel-linux-x86_64-debian-clang | 1.2.0 | 7.08 | 99.04 | 106.12 | OK | |
r-devel-linux-x86_64-debian-gcc | 1.2.0 | 4.93 | 66.94 | 71.87 | OK | |
r-devel-linux-x86_64-fedora-clang | 1.2.0 | 180.74 | NOTE | |||
r-devel-linux-x86_64-fedora-gcc | 1.2.0 | 187.89 | OK | |||
r-devel-windows-x86_64 | 1.2.0 | 10.00 | 124.00 | 134.00 | NOTE | |
r-patched-linux-x86_64 | 1.2.0 | 6.67 | 94.84 | 101.51 | OK | |
r-release-linux-x86_64 | 1.2.0 | 7.86 | 95.07 | 102.93 | OK | |
r-release-macos-arm64 | 1.2.0 | 56.00 | NOTE | |||
r-release-macos-x86_64 | 1.2.0 | 87.00 | NOTE | |||
r-release-windows-x86_64 | 1.2.0 | 10.00 | 125.00 | 135.00 | NOTE | |
r-oldrel-macos-arm64 | 1.2.0 | 64.00 | NOTE | |||
r-oldrel-macos-x86_64 | 1.2.0 | 100.00 | NOTE | |||
r-oldrel-windows-x86_64 | 1.2.0 | 13.00 | 147.00 | 160.00 | NOTE |
Version: 1.2.0
Check: installed package size
Result: NOTE
installed size is 5.4Mb
sub-directories of 1Mb or more:
data 1.9Mb
doc 1.2Mb
extdata 1.9Mb
Flavors: r-devel-linux-x86_64-fedora-clang, r-devel-windows-x86_64, r-release-macos-arm64, r-release-macos-x86_64, r-release-windows-x86_64, r-oldrel-macos-arm64, r-oldrel-macos-x86_64, r-oldrel-windows-x86_64