Last updated on 2024-08-16 00:48:30 CEST.
Flavor | Version | Tinstall | Tcheck | Ttotal | Status | Flags |
---|---|---|---|---|---|---|
r-devel-linux-x86_64-debian-clang | 1.1.1 | 11.61 | 87.50 | 99.11 | OK | |
r-devel-linux-x86_64-debian-gcc | 1.1.1 | 7.66 | 65.88 | 73.54 | OK | |
r-devel-linux-x86_64-fedora-clang | 1.1.1 | 155.65 | OK | |||
r-devel-linux-x86_64-fedora-gcc | 1.1.1 | 159.44 | OK | |||
r-devel-windows-x86_64 | 1.1.1 | 40.00 | 348.00 | 388.00 | OK | |
r-patched-linux-x86_64 | 1.1.1 | 9.78 | 84.20 | 93.98 | OK | |
r-release-linux-x86_64 | 1.1.1 | 9.41 | 83.33 | 92.74 | OK | |
r-release-macos-arm64 | 1.1.1 | 53.00 | OK | |||
r-release-macos-x86_64 | 1.1.1 | 76.00 | OK | |||
r-release-windows-x86_64 | 1.1.1 | 34.00 | 355.00 | 389.00 | OK | |
r-oldrel-macos-arm64 | 1.1.1 | 54.00 | NOTE | |||
r-oldrel-macos-x86_64 | 1.1.1 | 82.00 | OK | |||
r-oldrel-windows-x86_64 | 1.1.1 | 29.00 | 247.00 | 276.00 | OK |
Version: 1.1.1
Check: whether the namespace can be loaded with stated dependencies
Result: NOTE
Warning in py_initialize(config$python, config$libpython, config$pythonhome, :
Python 2 reached EOL on January 1, 2020. Python 2 compatability be removed in an upcoming reticulate release.
A namespace must be able to be loaded with just the base namespace
loaded: otherwise if the namespace gets loaded by a saved object, the
session will be unable to start.
Probably some imports need to be declared in the NAMESPACE file.
Flavor: r-oldrel-macos-arm64