CRAN Package Check Results for Package RKEELdata

Last updated on 2024-02-26 12:54:35 CET.

Flavor Version Tinstall Tcheck Ttotal Status Flags
r-devel-linux-x86_64-debian-clang 1.0.5 2.78 19.40 22.18 OK
r-devel-linux-x86_64-debian-gcc 1.0.5 2.31 15.26 17.57 OK
r-devel-linux-x86_64-fedora-clang 1.0.5 27.13 NOTE
r-devel-linux-x86_64-fedora-gcc 1.0.5 25.67 OK
r-devel-windows-x86_64 1.0.5 7.00 34.00 41.00 NOTE
r-patched-linux-x86_64 1.0.5 2.68 19.43 22.11 OK
r-release-linux-x86_64 1.0.5 2.45 19.29 21.74 OK
r-release-macos-arm64 1.0.5 13.00 NOTE
r-release-macos-x86_64 1.0.5 17.00 NOTE
r-release-windows-x86_64 1.0.5 9.00 33.00 42.00 NOTE
r-oldrel-macos-arm64 1.0.5 15.00 NOTE
r-oldrel-windows-x86_64 1.0.5 12.00 42.00 54.00 NOTE

Check Details

Version: 1.0.5
Check: installed package size
Result: NOTE installed size is 10.3Mb sub-directories of 1Mb or more: datasets 10.2Mb Flavors: r-devel-linux-x86_64-fedora-clang, r-devel-windows-x86_64, r-release-macos-arm64, r-release-macos-x86_64, r-release-windows-x86_64, r-oldrel-macos-arm64, r-oldrel-windows-x86_64