Last updated on 2024-08-16 00:48:30 CEST.
Flavor | Version | Tinstall | Tcheck | Ttotal | Status | Flags |
---|---|---|---|---|---|---|
r-devel-linux-x86_64-debian-clang | 1.0.0 | 14.71 | 59.97 | 74.68 | OK | |
r-devel-linux-x86_64-debian-gcc | 1.0.0 | 8.00 | 37.38 | 45.38 | OK | |
r-devel-linux-x86_64-fedora-clang | 1.0.0 | 2.21 | ERROR | |||
r-devel-linux-x86_64-fedora-gcc | 1.0.0 | 107.89 | OK | |||
r-devel-windows-x86_64 | 1.0.0 | 13.00 | 63.00 | 76.00 | OK | |
r-patched-linux-x86_64 | 1.0.0 | 12.96 | 52.30 | 65.26 | OK | |
r-release-linux-x86_64 | 1.0.0 | 13.32 | 53.60 | 66.92 | OK | |
r-release-macos-arm64 | 1.0.0 | 33.00 | OK | |||
r-release-macos-x86_64 | 1.0.0 | 74.00 | OK | |||
r-release-windows-x86_64 | 1.0.0 | 13.00 | 72.00 | 85.00 | OK | |
r-oldrel-macos-arm64 | 1.0.0 | 34.00 | OK | |||
r-oldrel-macos-x86_64 | 1.0.0 | 61.00 | OK | |||
r-oldrel-windows-x86_64 | 1.0.0 | 16.00 | 79.00 | 95.00 | OK |
Version: 1.0.0
Check: package dependencies
Result: ERROR
Package required but not available: ‘plgp’
See section ‘The DESCRIPTION file’ in the ‘Writing R Extensions’
manual.
Flavor: r-devel-linux-x86_64-fedora-clang