Last updated on 2024-08-16 00:48:30 CEST.
Flavor | Version | Tinstall | Tcheck | Ttotal | Status | Flags |
---|---|---|---|---|---|---|
r-devel-linux-x86_64-debian-clang | 0.2.1 | 31.26 | 364.10 | 395.36 | OK | |
r-devel-linux-x86_64-debian-gcc | 0.2.1 | 22.30 | 260.23 | 282.53 | OK | |
r-devel-linux-x86_64-fedora-clang | 0.2.1 | 660.16 | NOTE | |||
r-devel-linux-x86_64-fedora-gcc | 0.2.1 | 648.30 | OK | |||
r-devel-windows-x86_64 | 0.2.1 | 34.00 | 341.00 | 375.00 | OK | |
r-patched-linux-x86_64 | 0.2.1 | 29.53 | 352.81 | 382.34 | OK | |
r-release-linux-x86_64 | 0.2.1 | 30.14 | 358.37 | 388.51 | OK | |
r-release-macos-arm64 | 0.2.1 | 162.00 | OK | |||
r-release-macos-x86_64 | 0.2.1 | 524.00 | NOTE | |||
r-release-windows-x86_64 | 0.2.1 | 33.00 | 347.00 | 380.00 | OK | |
r-oldrel-macos-arm64 | 0.2.1 | 209.00 | NOTE | |||
r-oldrel-macos-x86_64 | 0.2.1 | 448.00 | NOTE | |||
r-oldrel-windows-x86_64 | 0.2.1 | 45.00 | 454.00 | 499.00 | OK |
Version: 0.2.1
Check: package dependencies
Result: NOTE
Imports includes 21 non-default packages.
Importing from so many packages makes the package vulnerable to any of
them becoming unavailable. Move as many as possible to Suggests and
use conditionally.
Flavor: r-devel-linux-x86_64-fedora-clang
Version: 0.2.1
Check: installed package size
Result: NOTE
installed size is 5.5Mb
sub-directories of 1Mb or more:
data 3.0Mb
doc 2.3Mb
Flavors: r-release-macos-x86_64, r-oldrel-macos-x86_64
Version: 0.2.1
Check: package dependencies
Result: NOTE
Package suggested but not available for checking: ‘recount3’
Flavors: r-oldrel-macos-arm64, r-oldrel-macos-x86_64