CRAN Package Check Results for Package RPEGLMEN

Last updated on 2024-03-02 12:48:29 CET.

Flavor Version Tinstall Tcheck Ttotal Status Flags
r-devel-linux-x86_64-debian-clang 1.1.2 56.44 36.22 92.66 OK
r-devel-linux-x86_64-debian-gcc 1.1.2 44.50 29.07 73.57 OK
r-devel-linux-x86_64-fedora-clang 1.1.2 134.92 OK
r-devel-linux-x86_64-fedora-gcc 1.1.2 144.84 OK
r-devel-windows-x86_64 1.1.2 50.00 67.00 117.00 OK
r-patched-linux-x86_64 1.1.2 51.24 36.34 87.58 OK
r-release-linux-x86_64 1.1.2 51.36 37.13 88.49 OK
r-release-macos-arm64 1.1.2 47.00 NOTE
r-release-macos-x86_64 1.1.2 69.00 NOTE
r-release-windows-x86_64 1.1.2 64.00 81.00 145.00 OK
r-oldrel-macos-arm64 1.1.2 39.00 NOTE
r-oldrel-windows-x86_64 1.1.2 51.00 75.00 126.00 OK

Check Details

Version: 1.1.2
Check: installed package size
Result: NOTE installed size is 7.3Mb sub-directories of 1Mb or more: libs 7.0Mb Flavors: r-release-macos-arm64, r-release-macos-x86_64, r-oldrel-macos-arm64