Last updated on 2024-05-05 13:55:59 CEST.
Flavor | Version | Tinstall | Tcheck | Ttotal | Status | Flags |
---|---|---|---|---|---|---|
r-devel-linux-x86_64-debian-clang | 0.4.22 | 330.95 | 69.35 | 400.30 | OK | |
r-devel-linux-x86_64-debian-gcc | 0.4.22 | 239.60 | 51.79 | 291.39 | OK | |
r-devel-linux-x86_64-fedora-clang | 0.4.22 | 604.52 | OK | |||
r-devel-linux-x86_64-fedora-gcc | 0.4.22 | 616.85 | OK | |||
r-devel-windows-x86_64 | 0.4.22 | 353.00 | 181.00 | 534.00 | NOTE | |
r-patched-linux-x86_64 | 0.4.22 | 335.79 | 65.33 | 401.12 | OK | |
r-release-linux-x86_64 | 0.4.22 | 326.21 | 66.78 | 392.99 | OK | |
r-release-macos-arm64 | 0.4.22 | 97.00 | NOTE | |||
r-release-windows-x86_64 | 0.4.22 | 348.00 | 189.00 | 537.00 | NOTE | |
r-oldrel-macos-arm64 | 0.4.22 | 127.00 | NOTE | |||
r-oldrel-macos-x86_64 | 0.4.22 | 249.00 | NOTE | |||
r-oldrel-windows-x86_64 | 0.4.22 | 323.00 | 222.00 | 545.00 | NOTE |
Version: 0.4.22
Check: installed package size
Result: NOTE
installed size is 5.3Mb
sub-directories of 1Mb or more:
libs 4.0Mb
Flavors: r-devel-windows-x86_64, r-release-macos-arm64, r-release-windows-x86_64, r-oldrel-macos-arm64, r-oldrel-macos-x86_64, r-oldrel-windows-x86_64