Last updated on 2023-11-29 12:57:01 CET.
Flavor | Version | Tinstall | Tcheck | Ttotal | Status | Flags |
---|---|---|---|---|---|---|
r-devel-linux-x86_64-debian-clang | 1.4.1 | 362.08 | 313.48 | 675.56 | WARN | |
r-devel-linux-x86_64-debian-gcc | 1.4.1 | 265.89 | 237.43 | 503.32 | WARN | |
r-devel-linux-x86_64-fedora-clang | 1.4.1 | 939.36 | ERROR | |||
r-devel-linux-x86_64-fedora-gcc | 1.4.1 | 933.99 | WARN | |||
r-devel-windows-x86_64 | 1.4.1 | 361.00 | 266.00 | 627.00 | WARN | |
r-patched-linux-x86_64 | 1.4.1 | 329.27 | 307.53 | 636.80 | OK | |
r-release-linux-x86_64 | 1.4.1 | 318.25 | 308.79 | 627.04 | OK | |
r-release-macos-arm64 | 1.4.1 | 238.00 | NOTE | |||
r-release-macos-x86_64 | 1.4.1 | 370.00 | NOTE | |||
r-release-windows-x86_64 | 1.4.1 | 448.00 | 307.00 | 755.00 | OK | |
r-oldrel-macos-arm64 | 1.4.1 | 220.00 | NOTE | |||
r-oldrel-macos-x86_64 | 1.3.14.4 | 86.00 | ERROR | |||
r-oldrel-windows-x86_64 | 1.4.1 | 387.00 | 337.00 | 724.00 | OK |
Version: 1.4.1
Check: whether package can be installed
Result: WARN
Found the following significant warnings:
siena07internals.cpp:418:9: warning: format string is not a string literal (potentially insecure) [-Wformat-security]
siena07utilities.cpp:118:9: warning: format string is not a string literal (potentially insecure) [-Wformat-security]
model/variables/BehaviorVariable.cpp:990:43: warning: format specifies type 'unsigned int' but the argument has type 'Effect *' [-Wformat]
model/variables/BehaviorVariable.cpp:994:42: warning: format specifies type 'unsigned int' but the argument has type 'Effect *' [-Wformat]
See ‘/home/hornik/tmp/R.check/r-devel-clang/Work/PKGS/RSiena.Rcheck/00install.out’ for details.
* used C++ compiler: ‘Debian clang version 17.0.5 (1)’
Flavor: r-devel-linux-x86_64-debian-clang
Version: 1.4.1
Check: whether package can be installed
Result: WARN
Found the following significant warnings:
model/variables/BehaviorVariable.cpp:990:55: warning: format ‘%x’ expects argument of type ‘unsigned int’, but argument 3 has type ‘siena::Effect*’ [-Wformat=]
model/variables/BehaviorVariable.cpp:994:54: warning: format ‘%x’ expects argument of type ‘unsigned int’, but argument 3 has type ‘siena::Effect*’ [-Wformat=]
See ‘/home/hornik/tmp/R.check/r-devel-gcc/Work/PKGS/RSiena.Rcheck/00install.out’ for details.
* used C++ compiler: ‘g++-13 (Debian 13.2.0-5) 13.2.0’
Flavor: r-devel-linux-x86_64-debian-gcc
Version: 1.4.1
Check: whether package can be installed
Result: ERROR
Installation failed.
Flavor: r-devel-linux-x86_64-fedora-clang
Version: 1.4.1
Check: whether package can be installed
Result: WARN
Found the following significant warnings:
model/variables/BehaviorVariable.cpp:990:55: warning: format '%x' expects argument of type 'unsigned int', but argument 3 has type 'siena::Effect*' [-Wformat=]
model/variables/BehaviorVariable.cpp:994:54: warning: format '%x' expects argument of type 'unsigned int', but argument 3 has type 'siena::Effect*' [-Wformat=]
See ‘/data/gannet/ripley/R/packages/tests-devel/RSiena.Rcheck/00install.out’ for details.
* used C++ compiler: ‘g++-13 (GCC) 13.2.0’
Flavor: r-devel-linux-x86_64-fedora-gcc
Version: 1.4.1
Check: whether package can be installed
Result: WARN
Found the following significant warnings:
model/variables/BehaviorVariable.cpp:990:55: warning: format '%x' expects argument of type 'unsigned int', but argument 3 has type 'siena::Effect*' [-Wformat=]
model/variables/BehaviorVariable.cpp:994:54: warning: format '%x' expects argument of type 'unsigned int', but argument 3 has type 'siena::Effect*' [-Wformat=]
See 'd:/Rcompile/CRANpkg/local/4.4/RSiena.Rcheck/00install.out' for details.
* used C++ compiler: 'g++.exe (GCC) 12.3.0'
Flavor: r-devel-windows-x86_64
Version: 1.4.1
Check: installed package size
Result: NOTE
installed size is 27.4Mb
sub-directories of 1Mb or more:
R 2.0Mb
libs 24.9Mb
Flavors: r-release-macos-arm64, r-release-macos-x86_64, r-oldrel-macos-arm64
Version: 1.3.14.4
Check: whether package can be installed
Result: ERROR
Installation failed.
Flavor: r-oldrel-macos-x86_64