Last updated on 2023-12-10 12:51:07 CET.
Flavor | Version | Tinstall | Tcheck | Ttotal | Status | Flags |
---|---|---|---|---|---|---|
r-devel-linux-x86_64-debian-clang | 2.1.0 | 22.13 | 226.01 | 248.14 | OK | |
r-devel-linux-x86_64-debian-gcc | 2.1.0 | 19.96 | 168.75 | 188.71 | OK | |
r-devel-linux-x86_64-fedora-clang | 2.1.0 | 322.46 | OK | |||
r-devel-linux-x86_64-fedora-gcc | 2.1.0 | 329.87 | OK | |||
r-devel-windows-x86_64 | 2.1.0 | 21.00 | 165.00 | 186.00 | OK | |
r-patched-linux-x86_64 | 2.1.0 | 23.08 | 217.01 | 240.09 | OK | |
r-release-linux-x86_64 | 2.1.0 | 21.39 | 217.19 | 238.58 | OK | |
r-release-macos-arm64 | 2.1.0 | 86.00 | NOTE | |||
r-release-macos-x86_64 | 2.1.0 | 132.00 | NOTE | |||
r-release-windows-x86_64 | 2.1.0 | 28.00 | 216.00 | 244.00 | OK | |
r-oldrel-macos-arm64 | 2.1.0 | 90.00 | OK | |||
r-oldrel-macos-x86_64 | 2.1.0 | 114.00 | OK | |||
r-oldrel-windows-x86_64 | 2.1.0 | 30.00 | 216.00 | 246.00 | OK |
Version: 2.1.0
Check: package dependencies
Result: NOTE
Package suggested but not available for checking: ‘Gviz’
Flavors: r-release-macos-arm64, r-release-macos-x86_64