CRAN Package Check Results for Package RVAideMemoire

Last updated on 2024-02-25 12:52:04 CET.

Flavor Version Tinstall Tcheck Ttotal Status Flags
r-devel-linux-x86_64-debian-clang 0.9-83-7 16.91 142.02 158.93 NOTE
r-devel-linux-x86_64-debian-gcc 0.9-83-7 17.69 106.00 123.69 NOTE
r-devel-linux-x86_64-fedora-clang 0.9-83-7 207.96 NOTE
r-devel-linux-x86_64-fedora-gcc 0.9-83-7 192.38 NOTE
r-devel-windows-x86_64 0.9-83-7 19.00 144.00 163.00 NOTE
r-patched-linux-x86_64 0.9-83-7 26.27 136.43 162.70 NOTE
r-release-linux-x86_64 0.9-83-7 14.92 137.76 152.68 NOTE
r-release-macos-arm64 0.9-83-7 50.00 NOTE
r-release-macos-x86_64 0.9-83-7 149.00 NOTE
r-release-windows-x86_64 0.9-83-7 25.00 189.00 214.00 NOTE
r-oldrel-macos-arm64 0.9-83-7 51.00 NOTE
r-oldrel-windows-x86_64 0.9-83-7 26.00 174.00 200.00 NOTE

Check Details

Version: 0.9-83-7
Check: package dependencies
Result: NOTE Package which this enhances but not available for checking: ‘glmmADMB’ Flavors: r-devel-linux-x86_64-debian-clang, r-devel-linux-x86_64-debian-gcc, r-devel-linux-x86_64-fedora-clang, r-devel-linux-x86_64-fedora-gcc, r-devel-windows-x86_64, r-patched-linux-x86_64, r-release-linux-x86_64, r-release-macos-arm64, r-release-macos-x86_64, r-release-windows-x86_64, r-oldrel-macos-arm64, r-oldrel-windows-x86_64