CRAN Package Check Results for Package RWeka

Last updated on 2024-02-23 00:59:40 CET.

Flavor Version Tinstall Tcheck Ttotal Status Flags
r-devel-linux-x86_64-debian-clang 0.4-46 OK
r-devel-linux-x86_64-debian-gcc 0.4-46 7.01 82.97 89.98 OK
r-devel-linux-x86_64-fedora-clang 0.4-46 154.80 OK
r-devel-linux-x86_64-fedora-gcc 0.4-46 171.26 OK
r-devel-windows-x86_64 0.4-46 8.00 109.00 117.00 OK
r-patched-linux-x86_64 0.4-46 10.75 110.35 121.10 OK
r-release-linux-x86_64 0.4-46 10.11 109.78 119.89 OK
r-release-macos-arm64 0.4-46 58.00 OK
r-release-macos-x86_64 0.4-46 78.00 NOTE
r-release-windows-x86_64 0.4-46 10.00 119.00 129.00 OK
r-oldrel-macos-arm64 0.4-46 51.00 OK
r-oldrel-windows-x86_64 0.4-46 12.00 122.00 134.00 OK

Check Details

Version: 0.4-46
Check: package dependencies
Result: NOTE Package suggested but not available for checking: ‘partykit’ Flavor: r-release-macos-x86_64

Version: 0.4-46
Check: Rd cross-references
Result: NOTE Package unavailable to check Rd xrefs: ‘partykit’ Flavor: r-release-macos-x86_64