Last updated on 2024-08-16 00:48:29 CEST.
Flavor | Version | Tinstall | Tcheck | Ttotal | Status | Flags |
---|---|---|---|---|---|---|
r-devel-linux-x86_64-debian-clang | 3.0.0 | 21.56 | 322.79 | 344.35 | OK | |
r-devel-linux-x86_64-debian-gcc | 3.0.0 | 16.90 | 214.26 | 231.16 | OK | |
r-devel-linux-x86_64-fedora-clang | 3.0.0 | 566.95 | OK | |||
r-devel-linux-x86_64-fedora-gcc | 3.0.0 | 562.43 | OK | |||
r-devel-windows-x86_64 | 3.0.0 | 21.00 | 268.00 | 289.00 | OK | |
r-patched-linux-x86_64 | 3.0.0 | 22.62 | 304.12 | 326.74 | OK | |
r-release-linux-x86_64 | 3.0.0 | 21.87 | 309.90 | 331.77 | OK | |
r-release-macos-arm64 | 3.0.0 | 110.00 | NOTE | |||
r-release-macos-x86_64 | 3.0.0 | 187.00 | NOTE | |||
r-release-windows-x86_64 | 3.0.0 | 20.00 | 267.00 | 287.00 | OK | |
r-oldrel-macos-arm64 | 3.0.0 | 121.00 | OK | |||
r-oldrel-macos-x86_64 | 3.0.0 | 217.00 | NOTE | |||
r-oldrel-windows-x86_64 | 3.0.0 | 30.00 | 342.00 | 372.00 | OK |
Version: 3.0.0
Check: installed package size
Result: NOTE
installed size is 5.2Mb
sub-directories of 1Mb or more:
data 4.5Mb
Flavors: r-release-macos-arm64, r-release-macos-x86_64, r-oldrel-macos-x86_64