CRAN Package Check Results for Package Raquifer

Last updated on 2024-04-16 13:52:08 CEST.

Flavor Version Tinstall Tcheck Ttotal Status Flags
r-devel-linux-x86_64-debian-clang 0.1.0 6.77 65.84 72.61 NOTE
r-devel-linux-x86_64-debian-gcc 0.1.0 4.11 50.13 54.24 NOTE
r-devel-linux-x86_64-fedora-clang 0.1.0 94.04 NOTE
r-devel-linux-x86_64-fedora-gcc 0.1.0 100.77 NOTE
r-prerel-macos-arm64 0.1.0 35.00 NOTE
r-prerel-windows-x86_64 0.1.0 7.00 64.00 71.00 NOTE
r-patched-linux-x86_64 0.1.0 4.76 62.02 66.78 NOTE
r-release-linux-x86_64 0.1.0 6.61 61.53 68.14 NOTE
r-release-macos-arm64 0.1.0 37.00 NOTE
r-release-macos-x86_64 0.1.0 52.00 NOTE
r-release-windows-x86_64 0.1.0 9.00 71.00 80.00 NOTE
r-oldrel-macos-arm64 0.1.0 34.00 NOTE
r-oldrel-windows-x86_64 0.1.0 8.00 76.00 84.00 NOTE

Check Details

Version: 0.1.0
Check: LazyData
Result: NOTE 'LazyData' is specified without a 'data' directory Flavors: r-devel-linux-x86_64-debian-clang, r-devel-linux-x86_64-debian-gcc, r-devel-linux-x86_64-fedora-clang, r-devel-linux-x86_64-fedora-gcc, r-prerel-macos-arm64, r-prerel-windows-x86_64, r-patched-linux-x86_64, r-release-linux-x86_64, r-release-macos-arm64, r-release-macos-x86_64, r-release-windows-x86_64, r-oldrel-macos-arm64, r-oldrel-windows-x86_64