Last updated on 2023-12-02 12:48:28 CET.
Flavor | Version | Tinstall | Tcheck | Ttotal | Status | Flags |
---|---|---|---|---|---|---|
r-devel-linux-x86_64-debian-clang | 2.9-1 | 44.84 | 282.51 | 327.35 | NOTE | |
r-devel-linux-x86_64-debian-gcc | 2.9-1 | 33.62 | 204.36 | 237.98 | NOTE | |
r-devel-linux-x86_64-fedora-clang | 2.9-1 | 421.58 | NOTE | |||
r-devel-linux-x86_64-fedora-gcc | 2.9-1 | 416.14 | OK | |||
r-devel-windows-x86_64 | 2.9-1 | 36.00 | 220.00 | 256.00 | NOTE | |
r-patched-linux-x86_64 | 2.9-1 | 43.70 | 267.94 | 311.64 | OK | |
r-release-linux-x86_64 | 2.9-1 | 34.88 | 265.59 | 300.47 | OK | |
r-release-macos-arm64 | 2.9-1 | 99.00 | NOTE | |||
r-release-macos-x86_64 | 2.9-1 | 186.00 | NOTE | |||
r-release-windows-x86_64 | 2.9-1 | 47.00 | 249.00 | 296.00 | NOTE | |
r-oldrel-macos-arm64 | 2.9-1 | 173.00 | NOTE | |||
r-oldrel-macos-x86_64 | 2.9-1 | 298.00 | NOTE | |||
r-oldrel-windows-x86_64 | 2.9-1 | 46.00 | 256.00 | 302.00 | NOTE |
Version: 2.9-1
Check: Rd files
Result: NOTE
checkRd: (-1) Rcmdr.Utilities.Rd:477: Lost braces
477 | code{TRUE}.}
| ^
Flavors: r-devel-linux-x86_64-debian-clang, r-devel-linux-x86_64-debian-gcc
Version: 2.9-1
Check: installed package size
Result: NOTE
installed size is 9.0Mb
sub-directories of 1Mb or more:
R 1.2Mb
doc 4.5Mb
po 2.5Mb
Flavors: r-devel-linux-x86_64-fedora-clang, r-devel-windows-x86_64, r-release-macos-arm64, r-release-macos-x86_64, r-release-windows-x86_64, r-oldrel-macos-arm64, r-oldrel-macos-x86_64, r-oldrel-windows-x86_64