Last updated on 2023-12-07 12:49:42 CET.
Flavor | Version | Tinstall | Tcheck | Ttotal | Status | Flags |
---|---|---|---|---|---|---|
r-devel-linux-x86_64-debian-clang | 0.7.10 | 26.16 | 195.59 | 221.75 | NOTE | |
r-devel-linux-x86_64-debian-gcc | 0.7.10 | 21.84 | 140.79 | 162.63 | NOTE | |
r-devel-linux-x86_64-fedora-clang | 0.7.10 | 285.16 | NOTE | |||
r-devel-linux-x86_64-fedora-gcc | 0.7.10 | 277.83 | NOTE | |||
r-devel-windows-x86_64 | 0.7.10 | 35.00 | 256.00 | 291.00 | NOTE | |
r-patched-linux-x86_64 | 0.7.10 | 34.89 | 188.09 | 222.98 | NOTE | |
r-release-linux-x86_64 | 0.7.10 | 21.07 | 183.90 | 204.97 | NOTE | |
r-release-macos-arm64 | 0.7.10 | 86.00 | NOTE | |||
r-release-macos-x86_64 | 0.7.10 | 142.00 | NOTE | |||
r-release-windows-x86_64 | 0.7.10 | 30.00 | 192.00 | 222.00 | NOTE | |
r-oldrel-macos-arm64 | 0.7.10 | 127.00 | NOTE | |||
r-oldrel-macos-x86_64 | 0.7.10 | 307.00 | NOTE | |||
r-oldrel-windows-x86_64 | 0.7.10 | 33.00 | 201.00 | 234.00 | NOTE |
Version: 0.7.10
Check: package dependencies
Result: NOTE
Package suggested but not available for checking: ‘ROpenOffice’
Flavors: r-devel-linux-x86_64-debian-clang, r-devel-linux-x86_64-debian-gcc, r-devel-linux-x86_64-fedora-clang, r-devel-linux-x86_64-fedora-gcc, r-devel-windows-x86_64, r-patched-linux-x86_64, r-release-linux-x86_64, r-release-macos-arm64, r-release-macos-x86_64, r-release-windows-x86_64, r-oldrel-macos-arm64, r-oldrel-macos-x86_64, r-oldrel-windows-x86_64
Version: 0.7.10
Check: Rd files
Result: NOTE
checkRd: (-1) plotCorpusCa.rd:53: Lost braces in \itemize; meant \describe ?
checkRd: (-1) plotCorpusCa.rd:56: Lost braces in \itemize; meant \describe ?
checkRd: (-1) plotCorpusCa.rd:59: Lost braces in \itemize; meant \describe ?
checkRd: (-1) plotCorpusCa.rd:62: Lost braces in \itemize; meant \describe ?
checkRd: (-1) recodeTimeVarDlg.Rd:11-13: Lost braces in \itemize; meant \describe ?
checkRd: (-1) recodeTimeVarDlg.Rd:14-16: Lost braces in \itemize; meant \describe ?
checkRd: (-1) recodeTimeVarDlg.Rd:17-18: Lost braces in \itemize; meant \describe ?
checkRd: (-1) vocabularyTable.rd:46-47: Lost braces in \itemize; meant \describe ?
checkRd: (-1) vocabularyTable.rd:48-50: Lost braces in \itemize; meant \describe ?
checkRd: (-1) vocabularyTable.rd:55: Lost braces
55 | \seealso{\code{\link{vocabularyDlg}}, code{\link{DocumentTermMatrix}}, \code{\link{table}}, }
| ^
Flavors: r-devel-linux-x86_64-debian-clang, r-devel-linux-x86_64-debian-gcc