Last updated on 2023-12-11 01:52:47 CET.
Flavor | Version | Tinstall | Tcheck | Ttotal | Status | Flags |
---|---|---|---|---|---|---|
r-devel-linux-x86_64-debian-clang | 0.3.0 | 62.86 | 144.79 | 207.65 | NOTE | |
r-devel-linux-x86_64-debian-gcc | 0.3.0 | 55.50 | 108.97 | 164.47 | NOTE | |
r-devel-linux-x86_64-fedora-clang | 0.3.0 | 281.20 | NOTE | |||
r-devel-linux-x86_64-fedora-gcc | 0.3.0 | 287.40 | NOTE | |||
r-devel-windows-x86_64 | 0.3.0 | 60.00 | 155.00 | 215.00 | NOTE | |
r-patched-linux-x86_64 | 0.3.0 | 58.01 | 136.43 | 194.44 | NOTE | |
r-release-linux-x86_64 | 0.3.0 | 45.47 | 140.22 | 185.69 | NOTE | |
r-release-macos-arm64 | 0.3.0 | 82.00 | NOTE | |||
r-release-macos-x86_64 | 0.3.0 | 136.00 | NOTE | |||
r-release-windows-x86_64 | 0.3.0 | 76.00 | 161.00 | 237.00 | NOTE | |
r-oldrel-macos-arm64 | 0.3.0 | 83.00 | NOTE | |||
r-oldrel-macos-x86_64 | 0.3.0 | 99.00 | NOTE | |||
r-oldrel-windows-x86_64 | 0.3.0 | 75.00 | 162.00 | 237.00 | OK |
Version: 0.3.0
Check: C++ specification
Result: NOTE
Specified C++11: please drop specification unless essential
Flavors: r-devel-linux-x86_64-debian-clang, r-devel-linux-x86_64-debian-gcc, r-devel-linux-x86_64-fedora-clang, r-devel-linux-x86_64-fedora-gcc, r-devel-windows-x86_64, r-patched-linux-x86_64, r-release-linux-x86_64, r-release-macos-arm64, r-release-macos-x86_64, r-release-windows-x86_64
Version: 0.3.0
Check: package subdirectories
Result: NOTE
Problems with news in ‘NEWS.md’:
No news entries found.
Flavors: r-devel-linux-x86_64-debian-clang, r-devel-linux-x86_64-debian-gcc, r-devel-linux-x86_64-fedora-clang, r-devel-linux-x86_64-fedora-gcc, r-devel-windows-x86_64, r-patched-linux-x86_64, r-release-linux-x86_64, r-release-macos-arm64, r-release-macos-x86_64, r-release-windows-x86_64
Version: 0.3.0
Check: installed package size
Result: NOTE
installed size is 8.3Mb
sub-directories of 1Mb or more:
libs 8.1Mb
Flavors: r-release-macos-arm64, r-release-macos-x86_64, r-oldrel-macos-arm64, r-oldrel-macos-x86_64