CRAN Package Check Results for Package RcppDist

Last updated on 2024-02-29 01:55:33 CET.

Flavor Version Tinstall Tcheck Ttotal Status Flags
r-devel-linux-x86_64-debian-clang 0.1.1 52.83 38.25 91.08 NOTE
r-devel-linux-x86_64-debian-gcc 0.1.1 45.01 29.65 74.66 NOTE
r-devel-linux-x86_64-fedora-clang 0.1.1 135.20 NOTE
r-devel-linux-x86_64-fedora-gcc 0.1.1 147.05 NOTE
r-devel-windows-x86_64 0.1.1 43.00 82.00 125.00 NOTE
r-patched-linux-x86_64 0.1.1 61.05 36.52 97.57 NOTE
r-release-linux-x86_64 0.1.1 57.31 37.48 94.79 NOTE
r-release-macos-arm64 0.1.1 48.00 NOTE
r-release-macos-x86_64 0.1.1 75.00 NOTE
r-release-windows-x86_64 0.1.1 54.00 86.00 140.00 NOTE
r-oldrel-macos-arm64 0.1.1 40.00 NOTE
r-oldrel-windows-x86_64 0.1.1 54.00 85.00 139.00 NOTE

Check Details

Version: 0.1.1
Check: C++ specification
Result: NOTE Specified C++11: please drop specification unless essential Flavors: r-devel-linux-x86_64-debian-clang, r-devel-linux-x86_64-debian-gcc, r-devel-linux-x86_64-fedora-clang, r-devel-linux-x86_64-fedora-gcc, r-devel-windows-x86_64, r-patched-linux-x86_64, r-release-linux-x86_64, r-release-macos-arm64, r-release-macos-x86_64, r-release-windows-x86_64

Version: 0.1.1
Check: LazyData
Result: NOTE 'LazyData' is specified without a 'data' directory Flavors: r-devel-linux-x86_64-debian-clang, r-devel-linux-x86_64-debian-gcc, r-devel-linux-x86_64-fedora-clang, r-devel-linux-x86_64-fedora-gcc, r-devel-windows-x86_64, r-patched-linux-x86_64, r-release-linux-x86_64, r-release-macos-arm64, r-release-macos-x86_64, r-release-windows-x86_64, r-oldrel-macos-arm64, r-oldrel-windows-x86_64