Last updated on 2023-12-11 01:52:47 CET.
Flavor | Version | Tinstall | Tcheck | Ttotal | Status | Flags |
---|---|---|---|---|---|---|
r-devel-linux-x86_64-debian-clang | 0.1.11 | 131.32 | 51.47 | 182.79 | OK | |
r-devel-linux-x86_64-debian-gcc | 0.1.11 | 105.18 | 37.49 | 142.67 | OK | |
r-devel-linux-x86_64-fedora-clang | 0.1.11 | 263.50 | NOTE | |||
r-devel-linux-x86_64-fedora-gcc | 0.1.11 | 300.89 | OK | |||
r-devel-windows-x86_64 | 0.1.11 | 93.00 | 103.00 | 196.00 | NOTE | |
r-patched-linux-x86_64 | 0.1.11 | 122.62 | 46.98 | 169.60 | OK | |
r-release-linux-x86_64 | 0.1.11 | 129.68 | 46.71 | 176.39 | OK | |
r-release-macos-arm64 | 0.1.11 | 62.00 | NOTE | |||
r-release-macos-x86_64 | 0.1.11 | 131.00 | NOTE | |||
r-release-windows-x86_64 | 0.1.11 | 127.00 | 100.00 | 227.00 | NOTE | |
r-oldrel-macos-arm64 | 0.1.11 | 62.00 | NOTE | |||
r-oldrel-macos-x86_64 | 0.1.10 | 81.00 | NOTE | |||
r-oldrel-windows-x86_64 | 0.1.11 | 118.00 | 95.00 | 213.00 | NOTE |
Version: 0.1.11
Check: installed package size
Result: NOTE
installed size is 7.9Mb
sub-directories of 1Mb or more:
include 2.0Mb
jsonexamples 3.9Mb
libs 1.7Mb
Flavors: r-devel-linux-x86_64-fedora-clang, r-devel-windows-x86_64, r-release-macos-arm64, r-release-macos-x86_64, r-release-windows-x86_64, r-oldrel-macos-arm64, r-oldrel-windows-x86_64
Version: 0.1.10
Check: installed package size
Result: NOTE
installed size is 19.8Mb
sub-directories of 1Mb or more:
include 2.0Mb
jsonexamples 3.8Mb
libs 13.7Mb
Flavor: r-oldrel-macos-x86_64