CRAN Package Check Results for Package Rgff

Last updated on 2024-04-21 12:54:10 CEST.

Flavor Version Tinstall Tcheck Ttotal Status Flags
r-devel-linux-x86_64-debian-clang 0.1.6 5.52 52.88 58.40 ERROR
r-devel-linux-x86_64-debian-gcc 0.1.6 3.94 41.52 45.46 ERROR
r-devel-linux-x86_64-fedora-clang 0.1.6 115.10 NOTE
r-devel-linux-x86_64-fedora-gcc 0.1.6 126.56 NOTE
r-prerel-macos-arm64 0.1.6 42.00 OK
r-prerel-windows-x86_64 0.1.6 6.00 82.00 88.00 OK
r-patched-linux-x86_64 0.1.6 4.28 79.90 84.18 OK
r-release-linux-x86_64 0.1.6 3.47 78.64 82.11 OK
r-release-macos-arm64 0.1.6 42.00 OK
r-release-macos-x86_64 0.1.6 71.00 OK
r-release-windows-x86_64 0.1.6 8.00 96.00 104.00 OK
r-oldrel-macos-arm64 0.1.6 42.00 NOTE
r-oldrel-windows-x86_64 0.1.6 9.00 91.00 100.00 OK

Additional issues

noSuggests

Check Details

Version: 0.1.6
Check: package dependencies
Result: NOTE Packages suggested but not available for checking: 'GenomicRanges', 'rtracklayer' Flavor: r-devel-linux-x86_64-debian-clang

Version: 0.1.6
Check: re-building of vignette outputs
Result: ERROR Error(s) in re-building vignettes: ... --- re-building ‘Using_Rgff.Rmd’ using rmarkdown Quitting from lines at lines 344-349 [unnamed-chunk-23] (Using_Rgff.Rmd) Error: processing vignette 'Using_Rgff.Rmd' failed with diagnostics: Package "rtracklayer" is required to convert from GTF to GFF3. Please install it. --- failed re-building ‘Using_Rgff.Rmd’ SUMMARY: processing the following file failed: ‘Using_Rgff.Rmd’ Error: Vignette re-building failed. Execution halted Flavors: r-devel-linux-x86_64-debian-clang, r-devel-linux-x86_64-debian-gcc

Version: 0.1.6
Check: package dependencies
Result: NOTE Package suggested but not available for checking: ‘rtracklayer’ Flavor: r-devel-linux-x86_64-debian-gcc

Version: 0.1.6
Check: dependencies in R code
Result: NOTE Namespace in Imports field not imported from: ‘tidyr’ All declared Imports should be used. Flavors: r-devel-linux-x86_64-fedora-clang, r-devel-linux-x86_64-fedora-gcc, r-oldrel-macos-arm64