CRAN Package Check Results for Package Riex

Last updated on 2024-04-21 12:54:10 CEST.

Flavor Version Tinstall Tcheck Ttotal Status Flags
r-devel-linux-x86_64-debian-clang 1.0.2 7.39 74.04 81.43 NOTE
r-devel-linux-x86_64-debian-gcc 1.0.2 6.34 55.43 61.77 NOTE
r-devel-linux-x86_64-fedora-clang 1.0.2 105.63 NOTE
r-devel-linux-x86_64-fedora-gcc 1.0.2 112.81 NOTE
r-prerel-macos-arm64 1.0.2 39.00 NOTE
r-prerel-windows-x86_64 1.0.2 8.00 76.00 84.00 NOTE
r-patched-linux-x86_64 1.0.2 8.66 71.20 79.86 NOTE
r-release-linux-x86_64 1.0.2 4.91 69.80 74.71 OK
r-release-macos-arm64 1.0.2 38.00 OK
r-release-macos-x86_64 1.0.2 56.00 OK
r-release-windows-x86_64 1.0.2 10.00 85.00 95.00 OK
r-oldrel-macos-arm64 1.0.2 28.00 OK
r-oldrel-windows-x86_64 1.0.2 12.00 90.00 102.00 OK

Check Details

Version: 1.0.2
Check: Rd files
Result: NOTE checkRd: (-1) iex.chart.Rd:23: Lost braces; missing escapes or markup? 23 | r takes only of of the values accepted IN API request. {"5y", "2y", "1y", "ytd", "6m", "3m", "1m", "1d"} | ^ Flavors: r-devel-linux-x86_64-debian-clang, r-devel-linux-x86_64-debian-gcc, r-devel-linux-x86_64-fedora-clang, r-devel-linux-x86_64-fedora-gcc, r-prerel-macos-arm64, r-prerel-windows-x86_64, r-patched-linux-x86_64