Last updated on 2023-12-03 01:57:58 CET.
Flavor | Version | Tinstall | Tcheck | Ttotal | Status | Flags |
---|---|---|---|---|---|---|
r-devel-linux-x86_64-debian-clang | 0.2-1 | 1016.10 | 219.82 | 1235.92 | NOTE | |
r-devel-linux-x86_64-debian-gcc | 0.2-1 | 798.56 | 207.33 | 1005.89 | NOTE | |
r-devel-linux-x86_64-fedora-clang | 0.2-1 | 1505.22 | NOTE | |||
r-devel-linux-x86_64-fedora-gcc | 0.2-1 | 1986.35 | NOTE | |||
r-devel-windows-x86_64 | 0.2-1 | 733.00 | 234.00 | 967.00 | NOTE | |
r-patched-linux-x86_64 | 0.2-1 | 669.16 | 268.57 | 937.73 | NOTE | |
r-release-linux-x86_64 | 0.2-1 | 654.90 | 261.92 | 916.82 | NOTE | |
r-release-macos-arm64 | 0.2-1 | 554.00 | NOTE | |||
r-release-macos-x86_64 | 0.2-1 | 654.00 | NOTE | |||
r-release-windows-x86_64 | 0.2-1 | 939.00 | 294.00 | 1233.00 | NOTE | |
r-oldrel-macos-arm64 | 0.2-1 | 514.00 | NOTE | |||
r-oldrel-macos-x86_64 | 0.2-1 | 721.00 | NOTE | |||
r-oldrel-windows-x86_64 | 0.2-1 | 877.00 | 270.00 | 1147.00 | NOTE |
Version: 0.2-1
Check: for GNU extensions in Makefiles
Result: NOTE
GNU make is a SystemRequirements.
Flavors: r-devel-linux-x86_64-debian-clang, r-devel-linux-x86_64-debian-gcc, r-devel-linux-x86_64-fedora-clang, r-devel-linux-x86_64-fedora-gcc, r-devel-windows-x86_64, r-patched-linux-x86_64, r-release-linux-x86_64, r-release-macos-arm64, r-release-macos-x86_64, r-release-windows-x86_64, r-oldrel-macos-arm64, r-oldrel-macos-x86_64, r-oldrel-windows-x86_64
Version: 0.2-1
Check: installed package size
Result: NOTE
installed size is 9.7Mb
sub-directories of 1Mb or more:
libs 8.8Mb
Flavors: r-devel-linux-x86_64-fedora-clang, r-devel-windows-x86_64, r-release-macos-arm64, r-release-macos-x86_64, r-release-windows-x86_64, r-oldrel-macos-arm64, r-oldrel-macos-x86_64, r-oldrel-windows-x86_64