CRAN Package Check Results for Package Rlinkedin

Last updated on 2024-02-26 00:50:57 CET.

Flavor Version Tinstall Tcheck Ttotal Status Flags
r-devel-linux-x86_64-debian-clang 0.2 4.34 47.14 51.48 NOTE
r-devel-linux-x86_64-debian-gcc 0.2 4.46 36.26 40.72 NOTE
r-devel-linux-x86_64-fedora-clang 0.2 65.22 NOTE
r-devel-linux-x86_64-fedora-gcc 0.2 62.63 NOTE
r-devel-windows-x86_64 0.2 6.00 61.00 67.00 NOTE
r-patched-linux-x86_64 0.2 6.13 46.16 52.29 NOTE
r-release-linux-x86_64 0.2 5.35 45.91 51.26 NOTE
r-release-macos-arm64 0.2 26.00 NOTE
r-release-macos-x86_64 0.2 36.00 NOTE
r-release-windows-x86_64 0.2 7.00 67.00 74.00 NOTE
r-oldrel-macos-arm64 0.2 23.00 NOTE
r-oldrel-windows-x86_64 0.2 8.00 71.00 79.00 NOTE

Check Details

Version: 0.2
Check: LazyData
Result: NOTE 'LazyData' is specified without a 'data' directory Flavors: r-devel-linux-x86_64-debian-clang, r-devel-linux-x86_64-debian-gcc, r-devel-linux-x86_64-fedora-clang, r-devel-linux-x86_64-fedora-gcc, r-devel-windows-x86_64, r-patched-linux-x86_64, r-release-linux-x86_64, r-release-macos-arm64, r-release-macos-x86_64, r-release-windows-x86_64, r-oldrel-macos-arm64, r-oldrel-windows-x86_64