Last updated on 2023-12-01 00:52:08 CET.
Flavor | Version | Tinstall | Tcheck | Ttotal | Status | Flags |
---|---|---|---|---|---|---|
r-devel-linux-x86_64-debian-clang | 0.2-10 | 147.96 | 30.56 | 178.52 | OK | |
r-devel-linux-x86_64-debian-gcc | 0.2-10 | 108.31 | 23.33 | 131.64 | OK | |
r-devel-linux-x86_64-fedora-clang | 0.2-10 | 339.59 | OK | |||
r-devel-linux-x86_64-fedora-gcc | 0.2-10 | 266.64 | OK | |||
r-devel-windows-x86_64 | 0.2-10 | 144.00 | 97.00 | 241.00 | OK | |
r-patched-linux-x86_64 | 0.2-10 | 133.79 | 30.01 | 163.80 | OK | |
r-release-linux-x86_64 | 0.2-10 | 132.35 | 30.06 | 162.41 | OK | |
r-release-macos-arm64 | 0.2-10 | 67.00 | NOTE | |||
r-release-macos-x86_64 | 0.2-10 | 69.00 | NOTE | |||
r-release-windows-x86_64 | 0.2-10 | 176.00 | 142.00 | 318.00 | OK | |
r-oldrel-macos-arm64 | 0.2-10 | 67.00 | NOTE | |||
r-oldrel-macos-x86_64 | 0.2-10 | 81.00 | NOTE | |||
r-oldrel-windows-x86_64 | 0.2-10 | 152.00 | 109.00 | 261.00 | OK |
Version: 0.2-10
Check: installed package size
Result: NOTE
installed size is 9.1Mb
sub-directories of 1Mb or more:
libs 9.0Mb
Flavors: r-release-macos-arm64, r-release-macos-x86_64, r-oldrel-macos-arm64, r-oldrel-macos-x86_64