Last updated on 2023-12-02 12:48:30 CET.
Flavor | Version | Tinstall | Tcheck | Ttotal | Status | Flags |
---|---|---|---|---|---|---|
r-devel-linux-x86_64-debian-clang | 1.2.0 | 54.36 | 182.66 | 237.02 | NOTE | |
r-devel-linux-x86_64-debian-gcc | 1.2.0 | 34.84 | 139.48 | 174.32 | NOTE | |
r-devel-linux-x86_64-fedora-clang | 1.2.0 | 309.60 | NOTE | |||
r-devel-linux-x86_64-fedora-gcc | 1.2.0 | 303.66 | NOTE | |||
r-devel-windows-x86_64 | 1.2.0 | 42.00 | 160.00 | 202.00 | NOTE | |
r-patched-linux-x86_64 | 1.2.0 | 37.05 | 177.42 | 214.47 | OK | |
r-release-linux-x86_64 | 1.2.0 | 30.17 | 178.42 | 208.59 | OK | |
r-release-macos-arm64 | 1.2.0 | 83.00 | OK | |||
r-release-macos-x86_64 | 1.2.0 | 130.00 | OK | |||
r-release-windows-x86_64 | 1.2.0 | 56.00 | 192.00 | 248.00 | OK | |
r-oldrel-macos-arm64 | 1.2.0 | 70.00 | OK | |||
r-oldrel-macos-x86_64 | 1.2.0 | 136.00 | OK | |||
r-oldrel-windows-x86_64 | 1.2.0 | 55.00 | 199.00 | 254.00 | OK |
Version: 1.2.0
Check: Rd files
Result: NOTE
checkRd: (-1) GEV-class.Rd:27: Lost braces
27 | point (if eqn{s > 0}).
| ^
Flavors: r-devel-linux-x86_64-debian-clang, r-devel-linux-x86_64-debian-gcc
Version: 1.2.0
Check: Rd \usage sections
Result: NOTE
Documented arguments not in \usage in Rd file 'internal-interpolate.Rd':
‘upRad.s’
Objects in \usage without \alias in Rd file 'internal-interpolate.Rd':
‘.getPsi.wL’ ‘.getPsi.P’
Objects in \usage without \alias in Rd file 'rescaleFunction-methods.Rd':
‘rescaleFunction’
Functions with \usage entries need to have the appropriate \alias
entries, and all their arguments documented.
The \usage entries must correspond to syntactically valid R code.
See chapter ‘Writing R documentation files’ in the ‘Writing R
Extensions’ manual.
Flavors: r-devel-linux-x86_64-debian-clang, r-devel-linux-x86_64-debian-gcc, r-devel-linux-x86_64-fedora-clang, r-devel-linux-x86_64-fedora-gcc, r-devel-windows-x86_64