Last updated on 2023-12-10 12:51:07 CET.
Flavor | Version | Tinstall | Tcheck | Ttotal | Status | Flags |
---|---|---|---|---|---|---|
r-devel-linux-x86_64-debian-clang | 0.4.4 | 89.21 | 114.56 | 203.77 | NOTE | |
r-devel-linux-x86_64-debian-gcc | 0.4.4 | 70.51 | 86.28 | 156.79 | NOTE | |
r-devel-linux-x86_64-fedora-clang | 0.4.4 | 326.58 | NOTE | |||
r-devel-linux-x86_64-fedora-gcc | 0.4.4 | 317.05 | NOTE | |||
r-devel-windows-x86_64 | 0.4.4 | 88.00 | 139.00 | 227.00 | NOTE | |
r-patched-linux-x86_64 | 0.4.4 | 78.29 | 111.22 | 189.51 | NOTE | |
r-release-linux-x86_64 | 0.4.4 | 79.74 | 109.88 | 189.62 | NOTE | |
r-release-macos-arm64 | 0.4.4 | 105.00 | NOTE | |||
r-release-macos-x86_64 | 0.4.4 | 162.00 | NOTE | |||
r-release-windows-x86_64 | 0.4.4 | 108.00 | 159.00 | 267.00 | NOTE | |
r-oldrel-macos-arm64 | 0.4.4 | 98.00 | NOTE | |||
r-oldrel-macos-x86_64 | 0.4.4 | 124.00 | NOTE | |||
r-oldrel-windows-x86_64 | 0.4.4 | 105.00 | 153.00 | 258.00 | OK |
Version: 0.4.4
Check: C++ specification
Result: NOTE
Specified C++11: please drop specification unless essential
Flavors: r-devel-linux-x86_64-debian-clang, r-devel-linux-x86_64-debian-gcc, r-devel-linux-x86_64-fedora-clang, r-devel-linux-x86_64-fedora-gcc, r-devel-windows-x86_64, r-patched-linux-x86_64, r-release-linux-x86_64, r-release-macos-arm64, r-release-macos-x86_64, r-release-windows-x86_64
Version: 0.4.4
Check: installed package size
Result: NOTE
installed size is 10.1Mb
sub-directories of 1Mb or more:
libs 8.4Mb
yacas 1.3Mb
Flavors: r-release-macos-arm64, r-release-macos-x86_64, r-oldrel-macos-arm64, r-oldrel-macos-x86_64