Last updated on 2023-12-01 00:52:10 CET.
Flavor | Version | Tinstall | Tcheck | Ttotal | Status | Flags |
---|---|---|---|---|---|---|
r-devel-linux-x86_64-debian-clang | 0.1.0-1 | 55.36 | 234.52 | 289.88 | OK | |
r-devel-linux-x86_64-debian-gcc | 0.1.0-1 | 35.67 | 222.15 | 257.82 | OK | |
r-devel-linux-x86_64-fedora-clang | 0.1.0-1 | 367.42 | NOTE | |||
r-devel-linux-x86_64-fedora-gcc | 0.1.0-1 | 441.56 | NOTE | |||
r-devel-windows-x86_64 | 0.1.0-1 | 43.00 | 256.00 | 299.00 | OK | |
r-patched-linux-x86_64 | 0.1.0-1 | 32.86 | 284.67 | 317.53 | OK | |
r-release-linux-x86_64 | 0.1.0-1 | 30.16 | 283.92 | 314.08 | OK | |
r-release-macos-arm64 | 0.1.0-1 | 152.00 | OK | |||
r-release-macos-x86_64 | 0.1.0-1 | 253.00 | OK | |||
r-release-windows-x86_64 | 0.1.0-1 | 52.00 | 306.00 | 358.00 | OK | |
r-oldrel-macos-arm64 | 0.1.0-1 | 126.00 | NOTE | |||
r-oldrel-macos-x86_64 | 0.1.0-1 | 191.00 | NOTE | |||
r-oldrel-windows-x86_64 | 0.1.0-1 | 51.00 | 310.00 | 361.00 | OK |
Version: 0.1.0-1
Check: dependencies in R code
Result: NOTE
Namespace in Imports field not imported from: ‘Rcpp’
All declared Imports should be used.
Flavors: r-devel-linux-x86_64-fedora-clang, r-devel-linux-x86_64-fedora-gcc, r-oldrel-macos-arm64, r-oldrel-macos-x86_64