Last updated on 2023-12-03 01:58:00 CET.
Flavor | Version | Tinstall | Tcheck | Ttotal | Status | Flags |
---|---|---|---|---|---|---|
r-devel-linux-x86_64-debian-clang | 1.0.0 | 60.43 | 621.00 | 681.43 | OK | |
r-devel-linux-x86_64-debian-gcc | 1.0.0 | 47.11 | 453.25 | 500.36 | OK | |
r-devel-linux-x86_64-fedora-clang | 1.0.0 | 888.49 | NOTE | |||
r-devel-linux-x86_64-fedora-gcc | 1.0.0 | 854.91 | NOTE | |||
r-devel-windows-x86_64 | 1.0.0 | 50.00 | 410.00 | 460.00 | OK | |
r-patched-linux-x86_64 | 1.0.0 | 45.62 | 587.60 | 633.22 | OK | |
r-release-linux-x86_64 | 1.0.0 | 38.29 | 577.80 | 616.09 | OK | |
r-release-macos-arm64 | 1.0.0 | 205.00 | OK | |||
r-release-macos-x86_64 | 1.0.0 | 368.00 | OK | |||
r-release-windows-x86_64 | 1.0.0 | 68.00 | 536.00 | 604.00 | OK | |
r-oldrel-macos-arm64 | 1.0.0 | 180.00 | NOTE | |||
r-oldrel-macos-x86_64 | 1.0.0 | 288.00 | NOTE | |||
r-oldrel-windows-x86_64 | 1.0.0 | 62.00 | 487.00 | 549.00 | OK |
Version: 1.0.0
Check: dependencies in R code
Result: NOTE
Namespaces in Imports field not imported from:
‘BiocManager’ ‘crayon’ ‘knitr’ ‘methods’
All declared Imports should be used.
Flavors: r-devel-linux-x86_64-fedora-clang, r-devel-linux-x86_64-fedora-gcc, r-oldrel-macos-arm64, r-oldrel-macos-x86_64