Last updated on 2024-08-16 12:49:20 CEST.
Flavor | Version | Tinstall | Tcheck | Ttotal | Status | Flags |
---|---|---|---|---|---|---|
r-devel-linux-x86_64-debian-clang | 0.1.1 | 4.07 | 33.11 | 37.18 | OK | |
r-devel-linux-x86_64-debian-gcc | 0.1.1 | 3.20 | 24.53 | 27.73 | OK | |
r-devel-linux-x86_64-fedora-clang | 0.1.1 | 58.98 | NOTE | |||
r-devel-linux-x86_64-fedora-gcc | 0.1.1 | 74.13 | NOTE | |||
r-devel-windows-x86_64 | 0.1.1 | 7.00 | 67.00 | 74.00 | OK | |
r-patched-linux-x86_64 | 0.1.1 | 6.13 | 31.02 | 37.15 | OK | |
r-release-linux-x86_64 | 0.1.1 | 3.98 | 31.39 | 35.37 | OK | |
r-release-macos-arm64 | 0.1.1 | 27.00 | OK | |||
r-release-macos-x86_64 | 0.1.1 | 40.00 | OK | |||
r-release-windows-x86_64 | 0.1.1 | 7.00 | 66.00 | 73.00 | OK | |
r-oldrel-macos-arm64 | 0.1.1 | 28.00 | OK | |||
r-oldrel-macos-x86_64 | 0.1.1 | 44.00 | OK | |||
r-oldrel-windows-x86_64 | 0.1.1 | 8.00 | 70.00 | 78.00 | OK |
Version: 0.1.1
Check: data for non-ASCII characters
Result: NOTE
Note: found 51 marked UTF-8 strings
Flavors: r-devel-linux-x86_64-fedora-clang, r-devel-linux-x86_64-fedora-gcc