Last updated on 2023-12-05 13:49:48 CET.
Flavor | Version | Tinstall | Tcheck | Ttotal | Status | Flags |
---|---|---|---|---|---|---|
r-devel-linux-x86_64-debian-clang | 2.1-0.0 | 66.33 | 335.48 | 401.81 | OK | |
r-devel-linux-x86_64-debian-gcc | 2.1-0.0 | 58.25 | 248.22 | 306.47 | OK | |
r-devel-linux-x86_64-fedora-clang | 2.1-0.0 | 533.20 | NOTE | |||
r-devel-linux-x86_64-fedora-gcc | 2.1-0.0 | 538.57 | OK | |||
r-devel-windows-x86_64 | 2.1-0.0 | 59.00 | 227.00 | 286.00 | NOTE | |
r-patched-linux-x86_64 | 2.1-0.0 | 53.25 | 321.67 | 374.92 | OK | |
r-release-linux-x86_64 | 2.1-0.0 | 49.93 | 318.17 | 368.10 | OK | |
r-release-macos-arm64 | 2.1-0.0 | 160.00 | NOTE | |||
r-release-macos-x86_64 | 2.1-0.0 | 325.00 | NOTE | |||
r-release-windows-x86_64 | 2.1-0.0 | 74.00 | 289.00 | 363.00 | NOTE | |
r-oldrel-macos-arm64 | 2.1-0.0 | 126.00 | NOTE | |||
r-oldrel-macos-x86_64 | 2.0-0.0 | 144.00 | NOTE | |||
r-oldrel-windows-x86_64 | 2.1-0.0 | 78.00 | 292.00 | 370.00 | NOTE |
Version: 2.1-0.0
Check: package dependencies
Result: NOTE
Imports includes 22 non-default packages.
Importing from so many packages makes the package vulnerable to any of
them becoming unavailable. Move as many as possible to Suggests and
use conditionally.
Flavor: r-devel-linux-x86_64-fedora-clang
Version: 2.1-0.0
Check: installed package size
Result: NOTE
installed size is 6.5Mb
sub-directories of 1Mb or more:
R 1.3Mb
doc 3.8Mb
Flavors: r-devel-linux-x86_64-fedora-clang, r-devel-windows-x86_64, r-release-macos-arm64, r-release-macos-x86_64, r-release-windows-x86_64, r-oldrel-macos-arm64, r-oldrel-windows-x86_64
Version: 2.0-0.0
Check: installed package size
Result: NOTE
installed size is 7.4Mb
sub-directories of 1Mb or more:
R 1.3Mb
doc 4.9Mb
Flavor: r-oldrel-macos-x86_64