Last updated on 2024-08-16 00:48:32 CEST.
Flavor | Version | Tinstall | Tcheck | Ttotal | Status | Flags |
---|---|---|---|---|---|---|
r-devel-linux-x86_64-debian-clang | 1.1.0 | 26.15 | 55.38 | 81.53 | OK | |
r-devel-linux-x86_64-debian-gcc | 1.1.0 | 19.04 | 44.62 | 63.66 | OK | |
r-devel-linux-x86_64-fedora-clang | 1.1.0 | 149.83 | OK | |||
r-devel-linux-x86_64-fedora-gcc | 1.1.0 | 183.20 | NOTE | |||
r-devel-windows-x86_64 | 1.1.0 | 29.00 | 93.00 | 122.00 | OK | |
r-patched-linux-x86_64 | 1.1.0 | 27.28 | 53.65 | 80.93 | OK | |
r-release-linux-x86_64 | 1.1.0 | 26.96 | 53.27 | 80.23 | OK | |
r-release-macos-arm64 | 1.1.0 | 80.00 | OK | |||
r-release-macos-x86_64 | 1.1.0 | 98.00 | OK | |||
r-release-windows-x86_64 | 1.1.0 | 31.00 | 95.00 | 126.00 | OK | |
r-oldrel-macos-arm64 | 1.1.0 | 88.00 | OK | |||
r-oldrel-macos-x86_64 | 1.1.0 | 141.00 | OK | |||
r-oldrel-windows-x86_64 | 1.1.0 | 30.00 | 114.00 | 144.00 | OK |
Version: 1.1.0
Check: for detritus in the temp directory
Result: NOTE
Found the following files/directories:
‘Crashpad’
Flavor: r-devel-linux-x86_64-fedora-gcc