CRAN Package Check Results for Package SLBDD

Last updated on 2024-02-22 01:57:41 CET.

Flavor Version Tinstall Tcheck Ttotal Status Flags
r-devel-linux-x86_64-debian-clang 0.0.4 NOTE
r-devel-linux-x86_64-debian-gcc 0.0.4 43.73 192.85 236.58 NOTE
r-devel-linux-x86_64-fedora-clang 0.0.4 417.93 NOTE
r-devel-linux-x86_64-fedora-gcc 0.0.4 396.96 NOTE
r-devel-windows-x86_64 0.0.4 44.00 196.00 240.00 NOTE
r-patched-linux-x86_64 0.0.4 41.11 250.07 291.18 OK
r-release-linux-x86_64 0.0.4 36.99 256.33 293.32 OK
r-release-macos-arm64 0.0.4 120.00 NOTE
r-release-macos-x86_64 0.0.4 196.00 NOTE
r-release-windows-x86_64 0.0.4 57.00 250.00 307.00 NOTE
r-oldrel-macos-arm64 0.0.4 156.00 NOTE
r-oldrel-windows-x86_64 0.0.4 59.00 234.00 293.00 NOTE

Check Details

Version: 0.0.4
Check: Rd files
Result: NOTE checkRd: (-1) outliers.hdts.Rd:44: Lost braces; missing escapes or markup? 44 | \item I.cov.rob - The matrix (V'GnV)^{-1} used to compute the statistics to detect the idiosyncratic outliers. | ^ Flavors: r-devel-linux-x86_64-debian-clang, r-devel-linux-x86_64-debian-gcc, r-devel-linux-x86_64-fedora-clang, r-devel-linux-x86_64-fedora-gcc

Version: 0.0.4
Check: installed package size
Result: NOTE installed size is 5.5Mb sub-directories of 1Mb or more: data 5.1Mb Flavors: r-devel-linux-x86_64-fedora-clang, r-devel-windows-x86_64, r-release-macos-arm64, r-release-macos-x86_64, r-release-windows-x86_64, r-oldrel-macos-arm64, r-oldrel-windows-x86_64

Version: 0.0.4
Check: data for non-ASCII characters
Result: NOTE Note: found 23 marked UTF-8 strings Flavors: r-devel-linux-x86_64-fedora-clang, r-devel-linux-x86_64-fedora-gcc, r-oldrel-macos-arm64