CRAN Package Check Results for Package SMITIDstruct

Last updated on 2023-11-30 01:53:45 CET.

Flavor Version Tinstall Tcheck Ttotal Status Flags
r-devel-linux-x86_64-debian-clang 0.0.5 22.06 194.54 216.60 NOTE
r-devel-linux-x86_64-debian-gcc 0.0.5 17.37 140.98 158.35 NOTE
r-devel-linux-x86_64-fedora-clang 0.0.5 266.61 NOTE
r-devel-linux-x86_64-fedora-gcc 0.0.5 249.65 NOTE
r-devel-windows-x86_64 0.0.5 20.00 141.00 161.00 NOTE
r-patched-linux-x86_64 0.0.5 20.95 184.09 205.04 NOTE
r-release-linux-x86_64 0.0.5 18.37 183.50 201.87 NOTE
r-release-macos-arm64 0.0.5 72.00 NOTE
r-release-macos-x86_64 0.0.5 123.00 NOTE
r-release-windows-x86_64 0.0.5 27.00 186.00 213.00 NOTE
r-oldrel-macos-arm64 0.0.5 66.00 NOTE
r-oldrel-macos-x86_64 0.0.5 121.00 NOTE
r-oldrel-windows-x86_64 0.0.5 26.00 180.00 206.00 NOTE

Check Details

Version: 0.0.5
Check: LazyData
Result: NOTE 'LazyData' is specified without a 'data' directory Flavors: r-devel-linux-x86_64-debian-clang, r-devel-linux-x86_64-debian-gcc, r-devel-linux-x86_64-fedora-clang, r-devel-linux-x86_64-fedora-gcc, r-devel-windows-x86_64, r-patched-linux-x86_64, r-release-linux-x86_64, r-release-macos-arm64, r-release-macos-x86_64, r-release-windows-x86_64, r-oldrel-macos-arm64, r-oldrel-macos-x86_64, r-oldrel-windows-x86_64