Last updated on 2024-08-16 00:48:32 CEST.
Flavor | Version | Tinstall | Tcheck | Ttotal | Status | Flags |
---|---|---|---|---|---|---|
r-devel-linux-x86_64-debian-clang | 9.8.1 | 24.99 | 223.04 | 248.03 | OK | |
r-devel-linux-x86_64-debian-gcc | 9.8.1 | 18.91 | 158.79 | 177.70 | OK | |
r-devel-linux-x86_64-fedora-clang | 9.8.1 | 399.52 | OK | |||
r-devel-linux-x86_64-fedora-gcc | 9.8.1 | 391.78 | OK | |||
r-devel-windows-x86_64 | 9.8.1 | 33.00 | 275.00 | 308.00 | OK | |
r-patched-linux-x86_64 | 9.8.1 | 24.35 | 206.46 | 230.81 | OK | |
r-release-linux-x86_64 | 9.8.1 | 22.51 | 206.83 | 229.34 | OK | |
r-release-macos-arm64 | 9.8.1 | 136.00 | NOTE | |||
r-release-macos-x86_64 | 9.8.1 | 324.00 | NOTE | |||
r-release-windows-x86_64 | 9.8.1 | 33.00 | 274.00 | 307.00 | OK | |
r-oldrel-macos-arm64 | 9.8.1 | 182.00 | NOTE | |||
r-oldrel-macos-x86_64 | 9.8.1 | 360.00 | NOTE | |||
r-oldrel-windows-x86_64 | 9.8.1 | 33.00 | 334.00 | 367.00 | OK |
Version: 9.8.1
Check: installed package size
Result: NOTE
installed size is 7.6Mb
sub-directories of 1Mb or more:
data 2.8Mb
doc 1.0Mb
libs 2.7Mb
Flavors: r-release-macos-arm64, r-release-macos-x86_64, r-oldrel-macos-arm64, r-oldrel-macos-x86_64