Last updated on 2024-05-06 00:53:02 CEST.
Flavor | Version | Tinstall | Tcheck | Ttotal | Status | Flags |
---|---|---|---|---|---|---|
r-devel-linux-x86_64-debian-clang | 1.0.2 | 0.88 | 2.29 | 3.17 | ERROR | |
r-devel-linux-x86_64-debian-gcc | 1.0.2 | 34.68 | 393.59 | 428.27 | OK | |
r-devel-linux-x86_64-fedora-clang | 1.0.2 | 812.02 | OK | |||
r-devel-linux-x86_64-fedora-gcc | 1.0.2 | 725.94 | OK | |||
r-devel-windows-x86_64 | 1.0.2 | 51.00 | 521.00 | 572.00 | OK | |
r-patched-linux-x86_64 | 1.0.2 | 46.75 | 510.69 | 557.44 | OK | |
r-release-linux-x86_64 | 1.0.2 | 37.04 | 513.31 | 550.35 | OK | |
r-release-macos-arm64 | 1.0.2 | 118.00 | OK | |||
r-release-macos-x86_64 | 1.0.2 | 215.00 | OK | |||
r-release-windows-x86_64 | 1.0.2 | 54.00 | 524.00 | 578.00 | OK | |
r-oldrel-macos-arm64 | 1.0.2 | 10.00 | ERROR | |||
r-oldrel-macos-x86_64 | 1.0.2 | 7.00 | ERROR | |||
r-oldrel-windows-x86_64 | 1.0.2 | 62.00 | 573.00 | 635.00 | OK |
Version: 1.0.2
Check: package dependencies
Result: ERROR
Packages required but not available:
'SpatialExperiment', 'SingleCellExperiment', 'SummarizedExperiment',
'zinbwave', 'scran', 'scuttle'
See section ‘The DESCRIPTION file’ in the ‘Writing R Extensions’
manual.
Flavor: r-devel-linux-x86_64-debian-clang
Version: 1.0.2
Check: package dependencies
Result: ERROR
Package required but not available: ‘SpatialExperiment’
Packages suggested but not available for checking: 'rhdf5', 'HDF5Array'
See section ‘The DESCRIPTION file’ in the ‘Writing R Extensions’
manual.
Flavors: r-oldrel-macos-arm64, r-oldrel-macos-x86_64