Last updated on 2023-12-04 01:48:59 CET.
Flavor | Version | Tinstall | Tcheck | Ttotal | Status | Flags |
---|---|---|---|---|---|---|
r-devel-linux-x86_64-debian-clang | 1.2.0 | 745.39 | 248.13 | 993.52 | NOTE | |
r-devel-linux-x86_64-debian-gcc | 1.2.0 | 590.14 | 218.35 | 808.49 | NOTE | |
r-devel-linux-x86_64-fedora-clang | 1.2.0 | 1199.79 | NOTE | |||
r-devel-linux-x86_64-fedora-gcc | 1.2.0 | 1570.62 | NOTE | |||
r-devel-windows-x86_64 | 1.2.0 | 536.00 | 238.00 | 774.00 | NOTE | |
r-patched-linux-x86_64 | 1.2.0 | 537.08 | 280.94 | 818.02 | NOTE | |
r-release-linux-x86_64 | 1.2.0 | 594.37 | 285.93 | 880.30 | NOTE | |
r-release-macos-arm64 | 1.2.0 | 360.00 | NOTE | |||
r-release-macos-x86_64 | 1.2.0 | 551.00 | NOTE | |||
r-release-windows-x86_64 | 1.2.0 | 676.00 | 444.00 | 1120.00 | NOTE | |
r-oldrel-macos-arm64 | 1.2.0 | 325.00 | NOTE | |||
r-oldrel-macos-x86_64 | 1.2.0 | 504.00 | NOTE | |||
r-oldrel-windows-x86_64 | 1.2.0 | 641.00 | 284.00 | 925.00 | NOTE |
Version: 1.2.0
Check: for GNU extensions in Makefiles
Result: NOTE
GNU make is a SystemRequirements.
Flavors: r-devel-linux-x86_64-debian-clang, r-devel-linux-x86_64-debian-gcc, r-devel-linux-x86_64-fedora-clang, r-devel-linux-x86_64-fedora-gcc, r-devel-windows-x86_64, r-patched-linux-x86_64, r-release-linux-x86_64, r-release-macos-arm64, r-release-macos-x86_64, r-release-windows-x86_64, r-oldrel-macos-arm64, r-oldrel-macos-x86_64, r-oldrel-windows-x86_64
Version: 1.2.0
Check: installed package size
Result: NOTE
installed size is 7.0Mb
sub-directories of 1Mb or more:
libs 6.2Mb
Flavors: r-devel-linux-x86_64-fedora-clang, r-devel-windows-x86_64, r-release-macos-arm64, r-release-macos-x86_64, r-release-windows-x86_64, r-oldrel-macos-arm64, r-oldrel-macos-x86_64, r-oldrel-windows-x86_64
Version: 1.2.0
Check: dependencies in R code
Result: NOTE
Namespaces in Imports field not imported from:
‘RcppParallel’ ‘httr’ ‘latex2exp’ ‘rstantools’ ‘tibble’ ‘tidyverse’
‘utils’
All declared Imports should be used.
Flavors: r-devel-linux-x86_64-fedora-clang, r-devel-linux-x86_64-fedora-gcc