Last updated on 2023-12-02 01:51:39 CET.
Flavor | Version | Tinstall | Tcheck | Ttotal | Status | Flags |
---|---|---|---|---|---|---|
r-devel-linux-x86_64-debian-clang | 1.6.7 | 108.59 | 107.68 | 216.27 | NOTE | |
r-devel-linux-x86_64-debian-gcc | 1.6.7 | 75.39 | 78.12 | 153.51 | NOTE | |
r-devel-linux-x86_64-fedora-clang | 1.6.7 | 328.32 | OK | |||
r-devel-linux-x86_64-fedora-gcc | 1.6.7 | 314.67 | OK | |||
r-devel-windows-x86_64 | 1.6.7 | 85.00 | 116.00 | 201.00 | OK | |
r-patched-linux-x86_64 | 1.6.7 | 88.04 | 101.59 | 189.63 | OK | |
r-release-linux-x86_64 | 1.6.7 | 81.99 | 101.07 | 183.06 | OK | |
r-release-macos-arm64 | 1.6.7 | 78.00 | OK | |||
r-release-macos-x86_64 | 1.6.7 | 117.00 | OK | |||
r-release-windows-x86_64 | 1.6.7 | 111.00 | 138.00 | 249.00 | OK | |
r-oldrel-macos-arm64 | 1.6.7 | 79.00 | OK | |||
r-oldrel-macos-x86_64 | 1.6.7 | 84.00 | OK | |||
r-oldrel-windows-x86_64 | 1.6.7 | 97.00 | 142.00 | 239.00 | OK |
Version: 1.6.7
Check: Rd files
Result: NOTE
checkRd: (-1) landmarkMatrixToList.Rd:10: Lost braces
10 | \item{semilandmark.pattern}{a regular expression pattern passed to \code{sub()} for identifying and grouping curve points. The default is landmark names ending in one or more numbers. To disable grouping, set to code{''}.}
| ^
Flavors: r-devel-linux-x86_64-debian-clang, r-devel-linux-x86_64-debian-gcc