Last updated on 2023-12-02 01:51:39 CET.
Flavor | Version | Tinstall | Tcheck | Ttotal | Status | Flags |
---|---|---|---|---|---|---|
r-devel-linux-x86_64-debian-clang | 3.3.0 | 50.00 | 304.86 | 354.86 | NOTE | |
r-devel-linux-x86_64-debian-gcc | 3.3.0 | 43.33 | 214.17 | 257.50 | NOTE | |
r-devel-linux-x86_64-fedora-clang | 3.3.0 | 460.42 | NOTE | |||
r-devel-linux-x86_64-fedora-gcc | 3.3.0 | 436.21 | NOTE | |||
r-devel-windows-x86_64 | 3.3.0 | 38.00 | 296.00 | 334.00 | NOTE | |
r-patched-linux-x86_64 | 3.3.0 | 47.09 | 285.89 | 332.98 | NOTE | |
r-release-linux-x86_64 | 3.3.0 | 46.94 | 286.87 | 333.81 | NOTE | |
r-release-macos-arm64 | 3.3.0 | 112.00 | NOTE | |||
r-release-macos-x86_64 | 3.3.0 | 215.00 | NOTE | |||
r-release-windows-x86_64 | 3.3.0 | 46.00 | 297.00 | 343.00 | NOTE | |
r-oldrel-macos-arm64 | 3.3.0 | 90.00 | NOTE | |||
r-oldrel-macos-x86_64 | 3.3.0 | 118.00 | NOTE | |||
r-oldrel-windows-x86_64 | 3.3.0 | 73.00 | 295.00 | 368.00 | NOTE |
Version: 3.3.0
Check: package dependencies
Result: NOTE
Package suggested but not available for checking: ‘StrathE2E2examples’
Flavors: r-devel-linux-x86_64-debian-clang, r-devel-linux-x86_64-debian-gcc, r-devel-linux-x86_64-fedora-clang, r-devel-linux-x86_64-fedora-gcc, r-devel-windows-x86_64, r-patched-linux-x86_64, r-release-linux-x86_64, r-release-macos-arm64, r-release-macos-x86_64, r-release-windows-x86_64, r-oldrel-macos-arm64, r-oldrel-macos-x86_64, r-oldrel-windows-x86_64
Version: 3.3.0
Check: Rd files
Result: NOTE
checkRd: (-1) StrathE2E2-package.Rd:70: Lost braces; missing escapes or markup?
70 | {Basic model operations:} \cr
| ^
checkRd: (-1) StrathE2E2-package.Rd:79: Lost braces; missing escapes or markup?
79 | {Parameter estimation:} \cr
| ^
checkRd: (-1) StrathE2E2-package.Rd:88: Lost braces; missing escapes or markup?
88 | {Sensitivity and Monte Carlo analyses:} \cr
| ^
checkRd: (-1) StrathE2E2-package.Rd:98: Lost braces; missing escapes or markup?
98 | {Compare model runs:} \cr
| ^
checkRd: (-1) StrathE2E2-package.Rd:105: Lost braces; missing escapes or markup?
105 | {Fishery yield analysis:} \cr
| ^
checkRd: (-1) StrathE2E2-package.Rd:111: Lost braces; missing escapes or markup?
111 | {Visualize model inputs:} \cr
| ^
checkRd: (-1) StrathE2E2-package.Rd:117: Lost braces; missing escapes or markup?
117 | {Visualize model outputs:} \cr
| ^
Flavors: r-devel-linux-x86_64-debian-clang, r-devel-linux-x86_64-debian-gcc
Version: 3.3.0
Check: LazyData
Result: NOTE
'LazyData' is specified without a 'data' directory
Flavors: r-devel-linux-x86_64-debian-clang, r-devel-linux-x86_64-debian-gcc, r-devel-linux-x86_64-fedora-clang, r-devel-linux-x86_64-fedora-gcc, r-devel-windows-x86_64, r-patched-linux-x86_64, r-release-linux-x86_64, r-release-macos-arm64, r-release-macos-x86_64, r-release-windows-x86_64, r-oldrel-macos-arm64, r-oldrel-macos-x86_64, r-oldrel-windows-x86_64