Last updated on 2023-12-04 01:48:59 CET.
Flavor | Version | Tinstall | Tcheck | Ttotal | Status | Flags |
---|---|---|---|---|---|---|
r-devel-linux-x86_64-debian-clang | 0.4.1 | 148.88 | 107.17 | 256.05 | NOTE | |
r-devel-linux-x86_64-debian-gcc | 0.4.1 | 105.92 | 79.42 | 185.34 | NOTE | |
r-devel-linux-x86_64-fedora-clang | 0.4.1 | 367.38 | NOTE | |||
r-devel-linux-x86_64-fedora-gcc | 0.4.1 | 384.20 | NOTE | |||
r-devel-windows-x86_64 | 0.4.1 | 111.00 | 120.00 | 231.00 | NOTE | |
r-patched-linux-x86_64 | 0.4.1 | 114.70 | 103.62 | 218.32 | NOTE | |
r-release-linux-x86_64 | 0.4.1 | 112.44 | 100.38 | 212.82 | NOTE | |
r-release-macos-arm64 | 0.4.1 | 92.00 | NOTE | |||
r-release-macos-x86_64 | 0.4.1 | 158.00 | NOTE | |||
r-release-windows-x86_64 | 0.4.1 | 139.00 | 149.00 | 288.00 | NOTE | |
r-oldrel-macos-arm64 | 0.4.1 | 82.00 | NOTE | |||
r-oldrel-macos-x86_64 | 0.4.1 | 102.00 | NOTE | |||
r-oldrel-windows-x86_64 | 0.4.1 | 135.00 | 132.00 | 267.00 | OK |
Version: 0.4.1
Check: package dependencies
Result: NOTE
Package suggested but not available for checking: ‘rgeos’
Flavors: r-devel-linux-x86_64-debian-clang, r-devel-linux-x86_64-debian-gcc, r-devel-linux-x86_64-fedora-clang, r-devel-linux-x86_64-fedora-gcc, r-patched-linux-x86_64, r-release-linux-x86_64
Version: 0.4.1
Check: C++ specification
Result: NOTE
Specified C++11: please drop specification unless essential
Flavors: r-devel-linux-x86_64-debian-clang, r-devel-linux-x86_64-debian-gcc, r-devel-linux-x86_64-fedora-clang, r-devel-linux-x86_64-fedora-gcc, r-devel-windows-x86_64, r-patched-linux-x86_64, r-release-linux-x86_64, r-release-macos-arm64, r-release-macos-x86_64, r-release-windows-x86_64
Version: 0.4.1
Check: installed package size
Result: NOTE
installed size is 5.5Mb
sub-directories of 1Mb or more:
libs 5.2Mb
Flavors: r-release-macos-arm64, r-release-macos-x86_64, r-oldrel-macos-arm64, r-oldrel-macos-x86_64