Last updated on 2024-05-07 12:56:29 CEST.
Flavor | Version | Tinstall | Tcheck | Ttotal | Status | Flags |
---|---|---|---|---|---|---|
r-devel-linux-x86_64-debian-clang | 0.1.2 | 122.16 | 153.97 | 276.13 | OK | |
r-devel-linux-x86_64-debian-gcc | 0.1.2 | 100.46 | 110.68 | 211.14 | OK | |
r-devel-linux-x86_64-fedora-clang | 0.1.2 | 375.46 | OK | |||
r-devel-linux-x86_64-fedora-gcc | 0.1.2 | 451.17 | OK | |||
r-devel-windows-x86_64 | 0.1.2 | 99.00 | 153.00 | 252.00 | NOTE | |
r-patched-linux-x86_64 | 0.1.2 | 117.52 | 140.22 | 257.74 | OK | |
r-release-linux-x86_64 | 0.1.2 | 127.05 | 144.41 | 271.46 | OK | |
r-release-macos-arm64 | 0.1.2 | 79.00 | NOTE | |||
r-release-macos-x86_64 | 0.1.2 | 146.00 | NOTE | |||
r-release-windows-x86_64 | 0.1.2 | 99.00 | 137.00 | 236.00 | NOTE | |
r-oldrel-macos-arm64 | 0.1.2 | 97.00 | NOTE | |||
r-oldrel-macos-x86_64 | 0.1.2 | 182.00 | NOTE | |||
r-oldrel-windows-x86_64 | 0.1.2 | 123.00 | 257.00 | 380.00 | NOTE |
Version: 0.1.2
Check: installed package size
Result: NOTE
installed size is 5.8Mb
sub-directories of 1Mb or more:
data 4.2Mb
libs 1.4Mb
Flavors: r-devel-windows-x86_64, r-release-macos-arm64, r-release-macos-x86_64, r-release-windows-x86_64, r-oldrel-macos-arm64, r-oldrel-macos-x86_64, r-oldrel-windows-x86_64