Last updated on 2023-11-28 12:52:05 CET.
Flavor | Version | Tinstall | Tcheck | Ttotal | Status | Flags |
---|---|---|---|---|---|---|
r-devel-linux-x86_64-debian-clang | 1.1-2 | 5.40 | 90.69 | 96.09 | OK | |
r-devel-linux-x86_64-debian-gcc | 1.1-2 | 5.00 | 67.65 | 72.65 | OK | |
r-devel-linux-x86_64-fedora-clang | 1.1-2 | 118.46 | NOTE | |||
r-devel-linux-x86_64-fedora-gcc | 1.1-2 | 134.91 | OK | |||
r-devel-windows-x86_64 | 1.1-2 | 6.00 | 371.00 | 377.00 | NOTE | |
r-patched-linux-x86_64 | 1.1-2 | 6.47 | 91.20 | 97.67 | OK | |
r-release-linux-x86_64 | 1.1-2 | 7.08 | 92.19 | 99.27 | OK | |
r-release-macos-arm64 | 1.1-2 | 56.00 | NOTE | |||
r-release-macos-x86_64 | 1.1-2 | 128.00 | NOTE | |||
r-release-windows-x86_64 | 1.1-2 | 8.00 | 446.00 | 454.00 | NOTE | |
r-oldrel-macos-arm64 | 1.1-2 | 50.00 | NOTE | |||
r-oldrel-macos-x86_64 | 1.1-2 | 74.00 | NOTE | |||
r-oldrel-windows-x86_64 | 1.1-2 | 8.00 | 471.00 | 479.00 | NOTE |
Version: 1.1-2
Check: installed package size
Result: NOTE
installed size is 9.0Mb
sub-directories of 1Mb or more:
data 1.1Mb
rda 7.1Mb
Flavors: r-devel-linux-x86_64-fedora-clang, r-devel-windows-x86_64, r-release-macos-arm64, r-release-macos-x86_64, r-release-windows-x86_64, r-oldrel-macos-arm64, r-oldrel-macos-x86_64, r-oldrel-windows-x86_64