Last updated on 2024-08-16 00:48:34 CEST.
Flavor | Version | Tinstall | Tcheck | Ttotal | Status | Flags |
---|---|---|---|---|---|---|
r-devel-linux-x86_64-debian-clang | 1.0.4 | 28.34 | 64.42 | 92.76 | OK | |
r-devel-linux-x86_64-debian-gcc | 1.0.4 | 26.46 | 50.23 | 76.69 | OK | |
r-devel-linux-x86_64-fedora-clang | 1.0.4 | 149.99 | OK | |||
r-devel-linux-x86_64-fedora-gcc | 1.0.4 | 157.36 | OK | |||
r-devel-windows-x86_64 | 1.0.4 | 31.00 | 218.00 | 249.00 | OK | |
r-patched-linux-x86_64 | 1.0.4 | 28.35 | 63.35 | 91.70 | OK | |
r-release-linux-x86_64 | 1.0.4 | 29.38 | 63.94 | 93.32 | OK | |
r-release-macos-arm64 | 1.0.4 | 69.00 | NOTE | |||
r-release-macos-x86_64 | 1.0.4 | 92.00 | NOTE | |||
r-release-windows-x86_64 | 1.0.4 | 32.00 | 242.00 | 274.00 | OK | |
r-oldrel-macos-arm64 | 1.0.4 | 70.00 | NOTE | |||
r-oldrel-macos-x86_64 | 1.0.4 | 101.00 | NOTE | |||
r-oldrel-windows-x86_64 | 1.0.4 | 38.00 | 308.00 | 346.00 | OK |
Version: 1.0.4
Check: installed package size
Result: NOTE
installed size is 5.3Mb
sub-directories of 1Mb or more:
data 5.1Mb
Flavors: r-release-macos-arm64, r-release-macos-x86_64, r-oldrel-macos-arm64, r-oldrel-macos-x86_64