Last updated on 2023-12-01 00:52:14 CET.
Flavor | Version | Tinstall | Tcheck | Ttotal | Status | Flags |
---|---|---|---|---|---|---|
r-devel-linux-x86_64-debian-clang | 1.2.7 | 18.01 | 203.38 | 221.39 | WARN | |
r-devel-linux-x86_64-debian-gcc | 1.2.7 | 15.26 | 150.75 | 166.01 | WARN | |
r-devel-linux-x86_64-fedora-clang | 1.2.7 | 270.89 | WARN | |||
r-devel-linux-x86_64-fedora-gcc | 1.2.7 | 283.90 | WARN | |||
r-devel-windows-x86_64 | 1.2.7 | 26.00 | 155.00 | 181.00 | WARN | |
r-patched-linux-x86_64 | 1.2.7 | 18.87 | 190.08 | 208.95 | OK | |
r-release-linux-x86_64 | 1.2.7 | 18.10 | 185.58 | 203.68 | OK | |
r-release-macos-arm64 | 1.2.7 | 90.00 | OK | |||
r-release-macos-x86_64 | 1.2.7 | 159.00 | OK | |||
r-release-windows-x86_64 | 1.2.7 | 27.00 | 177.00 | 204.00 | OK | |
r-oldrel-macos-arm64 | 1.2.7 | 92.00 | OK | |||
r-oldrel-macos-x86_64 | 1.2.7 | 99.00 | OK | |||
r-oldrel-windows-x86_64 | 1.2.7 | 32.00 | 330.00 | 362.00 | OK |
Version: 1.2.7
Check: whether package can be installed
Result: WARN
Found the following significant warnings:
RngStream.c:280:55: warning: format specifies type 'int' but the argument has type 'double' [-Wformat]
RngStream.c:292:55: warning: format specifies type 'int' but the argument has type 'double' [-Wformat]
See ‘/home/hornik/tmp/R.check/r-devel-clang/Work/PKGS/TPmsm.Rcheck/00install.out’ for details.
* used C compiler: ‘Debian clang version 17.0.5 (1)’
Flavor: r-devel-linux-x86_64-debian-clang
Version: 1.2.7
Check: whether package can be installed
Result: WARN
Found the following significant warnings:
RngStream.c:280:30: warning: format ‘%d’ expects argument of type ‘int’, but argument 3 has type ‘double’ [-Wformat=]
RngStream.c:292:30: warning: format ‘%d’ expects argument of type ‘int’, but argument 3 has type ‘double’ [-Wformat=]
See ‘/home/hornik/tmp/R.check/r-devel-gcc/Work/PKGS/TPmsm.Rcheck/00install.out’ for details.
* used C compiler: ‘gcc-13 (Debian 13.2.0-5) 13.2.0’
Flavor: r-devel-linux-x86_64-debian-gcc
Version: 1.2.7
Check: whether package can be installed
Result: WARN
Found the following significant warnings:
RngStream.c:280:55: warning: format specifies type 'int' but the argument has type 'double' [-Wformat]
RngStream.c:292:55: warning: format specifies type 'int' but the argument has type 'double' [-Wformat]
See ‘/data/gannet/ripley/R/packages/tests-clang/TPmsm.Rcheck/00install.out’ for details.
* used C compiler: ‘clang version 17.0.5’
Flavor: r-devel-linux-x86_64-fedora-clang
Version: 1.2.7
Check: whether package can be installed
Result: WARN
Found the following significant warnings:
RngStream.c:280:30: warning: format '%d' expects argument of type 'int', but argument 3 has type 'double' [-Wformat=]
RngStream.c:292:30: warning: format '%d' expects argument of type 'int', but argument 3 has type 'double' [-Wformat=]
See ‘/data/gannet/ripley/R/packages/tests-devel/TPmsm.Rcheck/00install.out’ for details.
* used C compiler: ‘gcc-13 (GCC) 13.2.0’
Flavor: r-devel-linux-x86_64-fedora-gcc
Version: 1.2.7
Check: whether package can be installed
Result: WARN
Found the following significant warnings:
RngStream.c:280:30: warning: format '%d' expects argument of type 'int', but argument 3 has type 'double' [-Wformat=]
RngStream.c:292:30: warning: format '%d' expects argument of type 'int', but argument 3 has type 'double' [-Wformat=]
See 'd:/Rcompile/CRANpkg/local/4.4/TPmsm.Rcheck/00install.out' for details.
* used C compiler: 'gcc.exe (GCC) 12.3.0'
Flavor: r-devel-windows-x86_64