Last updated on 2023-12-07 01:54:52 CET.
Flavor | Version | Tinstall | Tcheck | Ttotal | Status | Flags |
---|---|---|---|---|---|---|
r-devel-linux-x86_64-debian-clang | 1.0.7 | 15.84 | 111.74 | 127.58 | NOTE | |
r-devel-linux-x86_64-debian-gcc | 1.0.7 | 13.35 | 86.50 | 99.85 | NOTE | |
r-devel-linux-x86_64-fedora-clang | 1.0.7 | 176.21 | OK | |||
r-devel-linux-x86_64-fedora-gcc | 1.0.7 | 170.75 | OK | |||
r-devel-windows-x86_64 | 1.0.7 | 14.00 | 107.00 | 121.00 | OK | |
r-patched-linux-x86_64 | 1.0.7 | 17.45 | 109.39 | 126.84 | OK | |
r-release-linux-x86_64 | 1.0.7 | 16.97 | 111.24 | 128.21 | OK | |
r-release-macos-arm64 | 1.0.7 | 46.00 | OK | |||
r-release-macos-x86_64 | 1.0.7 | 82.00 | OK | |||
r-release-windows-x86_64 | 1.0.7 | 21.00 | 127.00 | 148.00 | OK | |
r-oldrel-macos-arm64 | 1.0.7 | 38.00 | OK | |||
r-oldrel-macos-x86_64 | 1.0.7 | 82.00 | OK | |||
r-oldrel-windows-x86_64 | 1.0.7 | 19.00 | 238.00 | 257.00 | OK |
Version: 1.0.7
Check: Rd files
Result: NOTE
checkRd: (-1) binary_transform.Rd:16: Lost braces; missing escapes or markup?
16 | Converts any variable with two possible values to a {0,1} binary
| ^
checkRd: (-1) binary_transform.Rd:13: Lost braces; missing escapes or markup?
13 | A vector with values in {0,1}.
| ^
Flavors: r-devel-linux-x86_64-debian-clang, r-devel-linux-x86_64-debian-gcc