CRAN Package Check Results for Package TSdist

Last updated on 2024-02-23 13:52:42 CET.

Flavor Version Tinstall Tcheck Ttotal Status Flags
r-devel-linux-x86_64-debian-clang 3.7.1 NOTE
r-devel-linux-x86_64-debian-gcc 3.7.1 13.59 104.94 118.53 NOTE
r-devel-linux-x86_64-fedora-clang 3.7.1 199.45 NOTE
r-devel-linux-x86_64-fedora-gcc 3.7.1 180.17 NOTE
r-devel-windows-x86_64 3.7.1 16.00 121.00 137.00 OK
r-patched-linux-x86_64 3.7.1 12.11 125.81 137.92 OK
r-release-linux-x86_64 3.7.1 10.89 122.40 133.29 OK
r-release-macos-arm64 3.7.1 51.00 OK
r-release-macos-x86_64 3.7.1 112.00 OK
r-release-windows-x86_64 3.7.1 22.00 351.00 373.00 OK
r-oldrel-macos-arm64 3.7.1 84.00 OK
r-oldrel-windows-x86_64 3.7.1 21.00 417.00 438.00 OK

Check Details

Version: 3.7.1
Check: Rd files
Result: NOTE checkRd: (-1) example.database2.Rd:18: Lost braces in \itemize; meant \describe ? checkRd: (-1) example.database2.Rd:19: Lost braces in \itemize; meant \describe ? checkRd: (-1) example.database3.Rd:18: Lost braces in \itemize; meant \describe ? checkRd: (-1) example.database3.Rd:19: Lost braces in \itemize; meant \describe ? Flavors: r-devel-linux-x86_64-debian-clang, r-devel-linux-x86_64-debian-gcc, r-devel-linux-x86_64-fedora-clang, r-devel-linux-x86_64-fedora-gcc