Last updated on 2024-08-16 00:48:35 CEST.
Flavor | Version | Tinstall | Tcheck | Ttotal | Status | Flags |
---|---|---|---|---|---|---|
r-devel-linux-x86_64-debian-clang | 1.1.0 | 38.24 | 120.93 | 159.17 | NOTE | |
r-devel-linux-x86_64-debian-gcc | 1.1.0 | 28.62 | 91.13 | 119.75 | NOTE | |
r-devel-linux-x86_64-fedora-clang | 1.1.0 | 279.44 | NOTE | |||
r-devel-linux-x86_64-fedora-gcc | 1.1.0 | 287.71 | NOTE | |||
r-devel-windows-x86_64 | 1.1.0 | 44.00 | 266.00 | 310.00 | NOTE | |
r-patched-linux-x86_64 | 1.1.0 | 39.70 | 116.19 | 155.89 | NOTE | |
r-release-linux-x86_64 | 1.1.0 | 39.23 | 117.74 | 156.97 | NOTE | |
r-release-macos-arm64 | 1.1.0 | 74.00 | NOTE | |||
r-release-macos-x86_64 | 1.1.0 | 110.00 | NOTE | |||
r-release-windows-x86_64 | 1.1.0 | 43.00 | 207.00 | 250.00 | NOTE | |
r-oldrel-macos-arm64 | 1.1.0 | 90.00 | OK | |||
r-oldrel-macos-x86_64 | 1.1.0 | 143.00 | OK | |||
r-oldrel-windows-x86_64 | 1.1.0 | 53.00 | 262.00 | 315.00 | OK |
Version: 1.1.0
Check: Rd files
Result: NOTE
checkRd: (-1) repr_dwt.Rd:28: Lost braces; missing escapes or markup?
28 | The final representation has length equal to floor(n / 2^{level}), where n is a length of original time series.
| ^
Flavors: r-devel-linux-x86_64-debian-clang, r-devel-linux-x86_64-debian-gcc, r-devel-linux-x86_64-fedora-clang, r-devel-linux-x86_64-fedora-gcc, r-devel-windows-x86_64, r-patched-linux-x86_64, r-release-linux-x86_64, r-release-macos-arm64, r-release-macos-x86_64, r-release-windows-x86_64