CRAN Package Check Results for Package Ternary

Last updated on 2024-02-23 01:51:45 CET.

Flavor Version Tinstall Tcheck Ttotal Status Flags
r-devel-linux-x86_64-debian-clang 2.3.1 OK
r-devel-linux-x86_64-debian-gcc 2.3.1 6.78 88.14 94.92 OK
r-devel-linux-x86_64-fedora-clang 2.3.1 156.00 NOTE
r-devel-linux-x86_64-fedora-gcc 2.3.1 170.00 OK
r-devel-windows-x86_64 2.3.1 8.00 143.00 151.00 NOTE
r-patched-linux-x86_64 2.3.1 14.14 114.18 128.32 OK
r-release-linux-x86_64 2.3.1 9.73 114.43 124.16 OK
r-release-macos-arm64 2.3.1 63.00 NOTE
r-release-macos-x86_64 2.3.1 117.00 NOTE
r-release-windows-x86_64 2.3.1 11.00 166.00 177.00 NOTE
r-oldrel-macos-arm64 2.3.1 71.00 NOTE
r-oldrel-windows-x86_64 2.3.1 13.00 244.00 257.00 NOTE

Check Details

Version: 2.3.1
Check: installed package size
Result: NOTE installed size is 7.0Mb sub-directories of 1Mb or more: doc 5.9Mb Flavors: r-devel-linux-x86_64-fedora-clang, r-devel-windows-x86_64, r-release-macos-arm64, r-release-macos-x86_64, r-release-windows-x86_64, r-oldrel-macos-arm64, r-oldrel-windows-x86_64